CRAN Package Check Results for Package citationchaser

Last updated on 2022-08-10 05:54:46 CEST.

Flavor Version Tinstall Tcheck Ttotal Status Flags
r-devel-linux-x86_64-debian-clang 0.0.4 12.91 111.69 124.60 OK
r-devel-linux-x86_64-debian-gcc 0.0.4 10.94 81.98 92.92 OK
r-devel-linux-x86_64-fedora-clang 0.0.4 156.15 NOTE
r-devel-linux-x86_64-fedora-gcc 0.0.4 153.63 NOTE
r-devel-windows-x86_64 0.0.4 496.00 125.00 621.00 OK
r-patched-linux-x86_64 0.0.4 11.42 102.57 113.99 OK
r-release-linux-x86_64 0.0.4 OK
r-release-macos-arm64 0.0.4 44.00 NOTE
r-release-macos-x86_64 0.0.4 72.00 NOTE
r-release-windows-x86_64 0.0.4 513.00 128.00 641.00 OK
r-oldrel-macos-arm64 0.0.4 29.00 NOTE
r-oldrel-macos-x86_64 0.0.4 57.00 NOTE
r-oldrel-windows-ix86+x86_64 0.0.4 31.00 125.00 156.00 OK

Check Details

Version: 0.0.4
Check: dependencies in R code
Result: NOTE
    Namespace in Imports field not imported from: ‘networkD3’
     All declared Imports should be used.
Flavors: r-devel-linux-x86_64-fedora-clang, r-devel-linux-x86_64-fedora-gcc, r-release-macos-arm64, r-release-macos-x86_64, r-oldrel-macos-arm64, r-oldrel-macos-x86_64