CRAN Package Check Results for Package ciuupi2

Last updated on 2024-07-24 07:50:58 CEST.

Flavor Version Tinstall Tcheck Ttotal Status Flags
r-devel-linux-x86_64-debian-clang 1.0.1 3.44 39.96 43.40 NOTE
r-devel-linux-x86_64-debian-gcc 1.0.1 2.50 28.55 31.05 NOTE
r-devel-linux-x86_64-fedora-clang 1.0.1 54.55 NOTE
r-devel-linux-x86_64-fedora-gcc 1.0.1 62.73 NOTE
r-devel-windows-x86_64 1.0.1 4.00 57.00 61.00 NOTE
r-patched-linux-x86_64 1.0.1 3.79 36.41 40.20 NOTE
r-release-linux-x86_64 1.0.1 3.21 37.08 40.29 NOTE
r-release-macos-arm64 1.0.1 25.00 NOTE
r-release-macos-x86_64 1.0.1 39.00 NOTE
r-release-windows-x86_64 1.0.1 3.00 56.00 59.00 NOTE
r-oldrel-macos-arm64 1.0.1 28.00 NOTE
r-oldrel-macos-x86_64 1.0.1 37.00 NOTE
r-oldrel-windows-x86_64 1.0.1 4.00 58.00 62.00 NOTE

Check Details

Version: 1.0.1
Check: LazyData
Result: NOTE 'LazyData' is specified without a 'data' directory Flavors: r-devel-linux-x86_64-debian-clang, r-devel-linux-x86_64-debian-gcc, r-devel-linux-x86_64-fedora-clang, r-devel-linux-x86_64-fedora-gcc, r-devel-windows-x86_64, r-patched-linux-x86_64, r-release-linux-x86_64, r-release-macos-arm64, r-release-macos-x86_64, r-release-windows-x86_64, r-oldrel-macos-arm64, r-oldrel-macos-x86_64, r-oldrel-windows-x86_64