CRAN Package Check Results for Package classifierplots

Last updated on 2020-02-27 20:48:21 CET.

Flavor Version Tinstall Tcheck Ttotal Status Flags
r-devel-linux-x86_64-debian-clang 1.3.3 12.43 107.75 120.18 OK
r-devel-linux-x86_64-debian-gcc 1.3.3 11.50 83.79 95.29 OK
r-devel-linux-x86_64-fedora-clang 1.3.3 145.63 NOTE
r-devel-linux-x86_64-fedora-gcc 1.3.3 148.29 NOTE
r-devel-windows-ix86+x86_64 1.3.3 34.00 115.00 149.00 OK
r-devel-windows-ix86+x86_64-gcc8 1.3.3 33.00 119.00 152.00 OK
r-patched-linux-x86_64 1.3.3 12.21 95.02 107.23 OK
r-patched-solaris-x86 1.3.3 205.60 NOTE
r-release-linux-x86_64 1.3.3 11.06 95.57 106.63 OK
r-release-windows-ix86+x86_64 1.3.3 25.00 110.00 135.00 OK
r-release-osx-x86_64 1.3.3 NOTE
r-oldrel-windows-ix86+x86_64 1.3.3 16.00 106.00 122.00 OK
r-oldrel-osx-x86_64 1.3.3 NOTE

Check Details

Version: 1.3.3
Check: dependencies in R code
Result: NOTE
    Namespace in Imports field not imported from: ‘Rcpp’
     All declared Imports should be used.
Flavors: r-devel-linux-x86_64-fedora-clang, r-devel-linux-x86_64-fedora-gcc, r-patched-solaris-x86, r-release-osx-x86_64, r-oldrel-osx-x86_64