CRAN Package Check Results for Package classifierplots

Last updated on 2019-09-18 19:46:23 CEST.

Flavor Version Tinstall Tcheck Ttotal Status Flags
r-devel-linux-x86_64-debian-clang 1.3.3 12.00 92.24 104.24 OK
r-devel-linux-x86_64-debian-gcc 1.3.3 10.99 72.57 83.56 OK
r-devel-linux-x86_64-fedora-clang 1.3.3 130.35 NOTE
r-devel-linux-x86_64-fedora-gcc 1.3.3 122.23 NOTE
r-devel-windows-ix86+x86_64 1.3.3 43.00 136.00 179.00 OK
r-patched-linux-x86_64 1.3.3 10.50 89.54 100.04 OK
r-patched-solaris-x86 1.3.3 194.00 NOTE
r-release-linux-x86_64 1.3.3 12.78 89.92 102.70 OK
r-release-windows-ix86+x86_64 1.3.3 23.00 101.00 124.00 OK
r-release-osx-x86_64 1.3.3 NOTE
r-oldrel-windows-ix86+x86_64 1.3.3 16.00 93.00 109.00 OK
r-oldrel-osx-x86_64 1.3.3 NOTE

Check Details

Version: 1.3.3
Check: dependencies in R code
Result: NOTE
    Namespace in Imports field not imported from: ‘Rcpp’
     All declared Imports should be used.
Flavors: r-devel-linux-x86_64-fedora-clang, r-devel-linux-x86_64-fedora-gcc, r-patched-solaris-x86, r-release-osx-x86_64, r-oldrel-osx-x86_64