CRAN Package Check Results for Package classifly

Last updated on 2022-05-26 20:48:59 CEST.

Flavor Version Tinstall Tcheck Ttotal Status Flags
r-devel-linux-x86_64-debian-clang 0.4.1 2.12 40.25 42.37 OK
r-devel-linux-x86_64-debian-gcc 0.4.1 1.88 34.11 35.99 OK
r-devel-linux-x86_64-fedora-clang 0.4.1 54.07 NOTE
r-devel-linux-x86_64-fedora-gcc 0.4.1 49.30 OK
r-devel-windows-x86_64 0.4.1 20.00 56.00 76.00 OK
r-patched-linux-x86_64 0.4.1 1.98 38.44 40.42 OK
r-release-linux-x86_64 0.4.1 2.36 38.24 40.60 OK
r-release-macos-arm64 0.4.1 24.00 OK
r-release-macos-x86_64 0.4.1 24.00 OK
r-release-windows-x86_64 0.4.1 17.00 57.00 74.00 OK
r-oldrel-macos-arm64 0.4.1 24.00 OK
r-oldrel-macos-x86_64 0.4.1 23.00 OK
r-oldrel-windows-ix86+x86_64 0.4.1 5.00 48.00 53.00 OK

Check Details

Version: 0.4.1
Check: Rd cross-references
Result: NOTE
    Undeclared package ‘reshape’ in Rd xrefs
Flavor: r-devel-linux-x86_64-fedora-clang