CRAN Package Check Results for Package cleanr

Last updated on 2021-04-16 11:51:09 CEST.

Flavor Version Tinstall Tcheck Ttotal Status Flags
r-devel-linux-x86_64-debian-clang 1.3.1 2.70 39.61 42.31 NOTE
r-devel-linux-x86_64-debian-gcc 1.3.1 2.13 30.84 32.97 NOTE
r-devel-linux-x86_64-fedora-clang 1.3.1 60.06 NOTE
r-devel-linux-x86_64-fedora-gcc 1.3.1 50.74 NOTE
r-devel-windows-ix86+x86_64 1.3.1 7.00 61.00 68.00 NOTE
r-devel-windows-x86_64-gcc10-UCRT 1.3.1 NOTE
r-patched-linux-x86_64 1.3.1 2.80 38.28 41.08 OK
r-patched-solaris-x86 1.3.1 67.00 OK
r-release-linux-x86_64 1.3.1 2.57 38.43 41.00 OK
r-release-macos-x86_64 1.3.1 OK
r-release-windows-ix86+x86_64 1.3.1 8.00 69.00 77.00 OK
r-oldrel-macos-x86_64 1.3.1 OK
r-oldrel-windows-ix86+x86_64 1.3.1 4.00 62.00 66.00 OK

Check Details

Version: 1.3.1
Check: LazyData
Result: NOTE
     'LazyData' is specified without a 'data' directory
Flavors: r-devel-linux-x86_64-debian-clang, r-devel-linux-x86_64-debian-gcc, r-devel-linux-x86_64-fedora-clang, r-devel-linux-x86_64-fedora-gcc, r-devel-windows-ix86+x86_64, r-devel-windows-x86_64-gcc10-UCRT