CRAN Package Check Results for Package clevr

Last updated on 2022-01-16 20:48:16 CET.

Flavor Version Tinstall Tcheck Ttotal Status Flags
r-devel-linux-x86_64-debian-clang 0.1.1 24.46 74.99 99.45 NOTE
r-devel-linux-x86_64-debian-gcc 0.1.1 17.80 66.54 84.34 NOTE
r-devel-linux-x86_64-fedora-clang 0.1.1 134.62 NOTE
r-devel-linux-x86_64-fedora-gcc 0.1.1 123.09 NOTE
r-devel-windows-x86_64-new-UL 0.1.1 43.00 116.00 159.00 NOTE
r-devel-windows-x86_64-new-TK 0.1.1 NOTE
r-patched-linux-x86_64 0.1.1 20.48 75.26 95.74 NOTE
r-release-linux-x86_64 0.1.1 NOTE
r-release-macos-arm64 0.1.1 NOTE
r-release-macos-x86_64 0.1.1 NOTE
r-release-windows-ix86+x86_64 0.1.1 66.00 131.00 197.00 NOTE
r-oldrel-macos-x86_64 0.1.1 OK
r-oldrel-windows-ix86+x86_64 0.1.1 67.00 131.00 198.00 OK

Check Details

Version: 0.1.1
Check: LazyData
Result: NOTE
     'LazyData' is specified without a 'data' directory
Flavors: r-devel-linux-x86_64-debian-clang, r-devel-linux-x86_64-debian-gcc, r-devel-linux-x86_64-fedora-clang, r-devel-linux-x86_64-fedora-gcc, r-devel-windows-x86_64-new-UL, r-devel-windows-x86_64-new-TK, r-patched-linux-x86_64, r-release-linux-x86_64, r-release-macos-arm64, r-release-macos-x86_64, r-release-windows-ix86+x86_64