CRAN Package Check Results for Package clhs

Last updated on 2019-09-15 10:48:00 CEST.

Flavor Version Tinstall Tcheck Ttotal Status Flags
r-devel-linux-x86_64-debian-clang 0.7-2 9.11 193.68 202.79 OK
r-devel-linux-x86_64-debian-gcc 0.7-2 7.91 147.41 155.32 OK
r-devel-linux-x86_64-fedora-clang 0.7-2 230.95 NOTE
r-devel-linux-x86_64-fedora-gcc 0.7-2 232.30 NOTE
r-devel-windows-ix86+x86_64 0.7-2 30.00 241.00 271.00 OK
r-patched-linux-x86_64 0.7-2 9.80 182.65 192.45 OK
r-patched-solaris-x86 0.7-2 338.80 NOTE
r-release-linux-x86_64 0.7-2 7.66 181.56 189.22 OK
r-release-windows-ix86+x86_64 0.7-2 20.00 195.00 215.00 OK
r-release-osx-x86_64 0.7-2 NOTE
r-oldrel-windows-ix86+x86_64 0.7-2 16.00 188.00 204.00 OK
r-oldrel-osx-x86_64 0.7-2 NOTE

Check Details

Version: 0.7-2
Check: dependencies in R code
Result: NOTE
    Namespaces in Imports field not imported from:
     ‘scales’ ‘sp’
     All declared Imports should be used.
Flavors: r-devel-linux-x86_64-fedora-clang, r-devel-linux-x86_64-fedora-gcc, r-patched-solaris-x86, r-release-osx-x86_64, r-oldrel-osx-x86_64