CRAN Package Check Results for Package climate

Last updated on 2021-04-13 04:46:58 CEST.

Flavor Version Tinstall Tcheck Ttotal Status Flags
r-devel-linux-x86_64-debian-clang 0.9.9 5.80 49.75 55.55 WARN
r-devel-linux-x86_64-debian-gcc 0.9.9 4.69 42.16 46.85 OK
r-devel-linux-x86_64-fedora-clang 0.9.9 82.18 OK
r-devel-linux-x86_64-fedora-gcc 0.9.9 71.06 OK
r-devel-windows-ix86+x86_64 0.9.9 11.00 81.00 92.00 OK
r-devel-windows-x86_64-gcc10-UCRT 0.9.9 OK
r-patched-linux-x86_64 0.9.9 5.73 51.31 57.04 OK
r-patched-solaris-x86 0.9.9 96.80 OK
r-release-linux-x86_64 0.9.9 5.76 53.36 59.12 OK
r-release-macos-x86_64 0.9.9 OK
r-release-windows-ix86+x86_64 0.9.9 8.00 103.00 111.00 OK
r-oldrel-macos-x86_64 0.9.9 OK
r-oldrel-windows-ix86+x86_64 0.9.9 9.00 77.00 86.00 OK

Additional issues

donttest

Check Details

Version: 0.9.9
Check: re-building of vignette outputs
Result: WARN
    Error(s) in re-building vignettes:
     ...
    --- re-building 'getstarted.Rmd' using rmarkdown
    
     [13%] Downloaded 2634 bytes...
     [72%] Downloaded 14218 bytes...
     [100%] Downloaded 19738 bytes...
    
     [19%] Downloaded 2633 bytes...
     [100%] Downloaded 13589 bytes...
    
     [1%] Downloaded 8000 bytes...
     [1%] Downloaded 8192 bytes...
     [2%] Downloaded 14480 bytes...
     [3%] Downloaded 22480 bytes...
     [3%] Downloaded 22672 bytes...
     [5%] Downloaded 30480 bytes...
     [5%] Downloaded 30864 bytes...
     [6%] Downloaded 38480 bytes...
     [6%] Downloaded 39056 bytes...
     [7%] Downloaded 43440 bytes...
     [8%] Downloaded 51440 bytes...
     [8%] Downloaded 51632 bytes...
     [9%] Downloaded 57920 bytes...
     [11%] Downloaded 65920 bytes...
     [11%] Downloaded 66112 bytes...
     [12%] Downloaded 72400 bytes...
     [12%] Downloaded 73848 bytes...
     [13%] Downloaded 81848 bytes...
     [13%] Downloaded 82040 bytes...
     [15%] Downloaded 89848 bytes...
     [15%] Downloaded 90232 bytes...
     [16%] Downloaded 97848 bytes...
     [16%] Downloaded 98424 bytes...
     [17%] Downloaded 101360 bytes...
     [18%] Downloaded 109360 bytes...
     [18%] Downloaded 109552 bytes...
     [19%] Downloaded 117360 bytes...
     [20%] Downloaded 117744 bytes...
     [21%] Downloaded 125360 bytes...
     [21%] Downloaded 125936 bytes...
     [22%] Downloaded 133360 bytes...
     [22%] Downloaded 134128 bytes...
     [24%] Downloaded 141360 bytes...
     [24%] Downloaded 142320 bytes...
     [25%] Downloaded 149360 bytes...
     [25%] Downloaded 150512 bytes...
     [26%] Downloaded 157360 bytes...
     [26%] Downloaded 158704 bytes...
     [28%] Downloaded 165360 bytes...
     [28%] Downloaded 166896 bytes...
     [29%] Downloaded 173360 bytes...
     [29%] Downloaded 175088 bytes...
     [30%] Downloaded 181360 bytes...
     [31%] Downloaded 183280 bytes...
     [32%] Downloaded 189360 bytes...
     [32%] Downloaded 191472 bytes...
     [33%] Downloaded 197360 bytes...
     [33%] Downloaded 199664 bytes...
     [34%] Downloaded 205360 bytes...
     [35%] Downloaded 207856 bytes...
     [36%] Downloaded 213360 bytes...
     [36%] Downloaded 216048 bytes...
     [37%] Downloaded 221360 bytes...
     [38%] Downloaded 224240 bytes...
     [39%] Downloaded 229360 bytes...
     [39%] Downloaded 232432 bytes...
     [40%] Downloaded 237360 bytes...
     [40%] Downloaded 240624 bytes...
     [41%] Downloaded 245360 bytes...
     [42%] Downloaded 248816 bytes...
     [43%] Downloaded 253360 bytes...
     [43%] Downloaded 257008 bytes...
     [44%] Downloaded 261360 bytes...
     [45%] Downloaded 265200 bytes...
     [45%] Downloaded 269360 bytes...
     [46%] Downloaded 273392 bytes...
     [47%] Downloaded 277360 bytes...
     [47%] Downloaded 281584 bytes...
     [48%] Downloaded 285360 bytes...
     [49%] Downloaded 289776 bytes...
     [49%] Downloaded 293360 bytes...
     [50%] Downloaded 297968 bytes...
     [51%] Downloaded 301360 bytes...
     [52%] Downloaded 306160 bytes...
     [52%] Downloaded 309360 bytes...
     [53%] Downloaded 314352 bytes...
     [53%] Downloaded 317360 bytes...
     [54%] Downloaded 322544 bytes...
     [55%] Downloaded 325360 bytes...
     [56%] Downloaded 330736 bytes...
     [56%] Downloaded 333360 bytes...
     [57%] Downloaded 338928 bytes...
     [58%] Downloaded 341360 bytes...
     [59%] Downloaded 347120 bytes...
     [59%] Downloaded 349360 bytes...
     [60%] Downloaded 355312 bytes...
     [60%] Downloaded 357360 bytes...
     [61%] Downloaded 363504 bytes...
     [62%] Downloaded 365360 bytes...
     [63%] Downloaded 371696 bytes...
     [63%] Downloaded 373360 bytes...
     [64%] Downloaded 379888 bytes...
     [64%] Downloaded 381360 bytes...
     [66%] Downloaded 388080 bytes...
     [66%] Downloaded 389360 bytes...
     [67%] Downloaded 396272 bytes...
     [67%] Downloaded 397360 bytes...
     [68%] Downloaded 404464 bytes...
     [68%] Downloaded 405360 bytes...
     [70%] Downloaded 412656 bytes...
     [70%] Downloaded 413360 bytes...
     [71%] Downloaded 420848 bytes...
     [71%] Downloaded 421360 bytes...
     [72%] Downloaded 429040 bytes...
     [73%] Downloaded 429360 bytes...
     [74%] Downloaded 437232 bytes...
     [74%] Downloaded 437360 bytes...
     [75%] Downloaded 445360 bytes...
     [75%] Downloaded 445424 bytes...
     [77%] Downloaded 453360 bytes...
     [77%] Downloaded 453616 bytes...
     [78%] Downloaded 461360 bytes...
     [78%] Downloaded 461808 bytes...
     [79%] Downloaded 469360 bytes...
     [79%] Downloaded 470000 bytes...
     [81%] Downloaded 477360 bytes...
     [81%] Downloaded 478192 bytes...
     [82%] Downloaded 485360 bytes...
     [82%] Downloaded 486384 bytes...
     [83%] Downloaded 493360 bytes...
     [84%] Downloaded 494576 bytes...
     [85%] Downloaded 501360 bytes...
     [85%] Downloaded 502768 bytes...
     [86%] Downloaded 509360 bytes...
     [86%] Downloaded 510960 bytes...
     [87%] Downloaded 517360 bytes...
     [88%] Downloaded 519152 bytes...
     [89%] Downloaded 525360 bytes...
     [89%] Downloaded 527344 bytes...
     [90%] Downloaded 533360 bytes...
     [91%] Downloaded 535536 bytes...
     [92%] Downloaded 541360 bytes...
     [92%] Downloaded 543728 bytes...
     [93%] Downloaded 549360 bytes...
     [93%] Downloaded 551920 bytes...
     [94%] Downloaded 557360 bytes...
     [95%] Downloaded 560112 bytes...
     [96%] Downloaded 565360 bytes...
     [96%] Downloaded 568304 bytes...
     [97%] Downloaded 573360 bytes...
     [98%] Downloaded 576496 bytes...
     [98%] Downloaded 581360 bytes...
     [99%] Downloaded 584688 bytes...
     [100%] Downloaded 587962 bytes...
    
     [100%] Downloaded 3337 bytes...
    
     [100%] Downloaded 1325 bytes...
    
     [100%] Downloaded 6871 bytes...
    
     [6%] Downloaded 14146 bytes...
     [14%] Downloaded 30466 bytes...
     [20%] Downloaded 43106 bytes...
     [21%] Downloaded 46002 bytes...
     [29%] Downloaded 62322 bytes...
     [36%] Downloaded 77858 bytes...
     [43%] Downloaded 94178 bytes...
     [51%] Downloaded 110498 bytes...
     [59%] Downloaded 126818 bytes...
     [66%] Downloaded 143138 bytes...
     [74%] Downloaded 159458 bytes...
     [81%] Downloaded 175778 bytes...
     [89%] Downloaded 192098 bytes...
     [97%] Downloaded 208418 bytes...
     [100%] Downloaded 214780 bytes...
    Quitting from lines 146-165 (getstarted.Rmd)
    Error: processing vignette 'getstarted.Rmd' failed with diagnostics:
    'names' attribute [60] must be the same length as the vector [2]
    --- failed re-building 'getstarted.Rmd'
    
    SUMMARY: processing the following file failed:
     'getstarted.Rmd'
    
    Error: Vignette re-building failed.
    Execution halted
Flavor: r-devel-linux-x86_64-debian-clang