CRAN Package Check Results for Package climateStability

Last updated on 2020-02-23 09:47:30 CET.

Flavor Version Tinstall Tcheck Ttotal Status Flags
r-devel-linux-x86_64-debian-clang 0.1.3 8.82 94.19 103.01 OK
r-devel-linux-x86_64-debian-gcc 0.1.3 6.73 73.02 79.75 OK
r-devel-linux-x86_64-fedora-clang 0.1.3 120.93 OK
r-devel-linux-x86_64-fedora-gcc 0.1.3 135.15 WARN
r-devel-windows-ix86+x86_64 0.1.3 17.00 97.00 114.00 OK
r-devel-windows-ix86+x86_64-gcc8 0.1.3 23.00 131.00 154.00 OK
r-patched-linux-x86_64 0.1.3 OK
r-patched-solaris-x86 0.1.3 152.20 OK
r-release-linux-x86_64 0.1.3 7.10 82.11 89.21 OK
r-release-windows-ix86+x86_64 0.1.3 15.00 92.00 107.00 OK
r-release-osx-x86_64 0.1.3 OK
r-oldrel-windows-ix86+x86_64 0.1.3 10.00 94.00 104.00 OK
r-oldrel-osx-x86_64 0.1.3 OK

Check Details

Version: 0.1.3
Check: whether package can be installed
Result: WARN
    Found the following significant warnings:
     Warning: namespace ‘rgdal’ is not available and has been replaced
Flavor: r-devel-linux-x86_64-fedora-gcc

Version: 0.1.3
Check: data for non-ASCII characters
Result: WARN
     Warning: namespace 'rgdal' is not available and has been replaced
     by .GlobalEnv when processing object '<unknown>'
     Warning: namespace 'rgdal' is not available and has been replaced
     by .GlobalEnv when processing object '<unknown>'
     Warning: namespace 'rgdal' is not available and has been replaced
     by .GlobalEnv when processing object '<unknown>'
     Warning: namespace 'rgdal' is not available and has been replaced
     by .GlobalEnv when processing object '<unknown>'
     Warning: namespace 'rgdal' is not available and has been replaced
     by .GlobalEnv when processing object '<unknown>'
     Warning: namespace 'rgdal' is not available and has been replaced
     by .GlobalEnv when processing object '<unknown>'
     Warning: namespace 'rgdal' is not available and has been replaced
     by .GlobalEnv when processing object '<unknown>'
     Warning: namespace 'rgdal' is not available and has been replaced
     by .GlobalEnv when processing object '<unknown>'
     Warning: namespace 'rgdal' is not available and has been replaced
     by .GlobalEnv when processing object '<unknown>'
     Warning: namespace 'rgdal' is not available and has been replaced
     by .GlobalEnv when processing object '<unknown>'
     Warning: namespace 'rgdal' is not available and has been replaced
     by .GlobalEnv when processing object '<unknown>'
     Warning: namespace 'rgdal' is not available and has been replaced
     by .GlobalEnv when processing object '<unknown>'
     Warning: namespace 'rgdal' is not available and has been replaced
     by .GlobalEnv when processing object '<unknown>'
     Warning: namespace 'rgdal' is not available and has been replaced
     by .GlobalEnv when processing object '<unknown>'
     Warning: namespace 'rgdal' is not available and has been replaced
     by .GlobalEnv when processing object '<unknown>'
     Warning: namespace 'rgdal' is not available and has been replaced
     by .GlobalEnv when processing object '<unknown>'
     Warning: namespace 'rgdal' is not available and has been replaced
     by .GlobalEnv when processing object '<unknown>'
     Warning: namespace 'rgdal' is not available and has been replaced
     by .GlobalEnv when processing object '<unknown>'
     Warning: namespace 'rgdal' is not available and has been replaced
     by .GlobalEnv when processing object '<unknown>'
     Warning: namespace 'rgdal' is not available and has been replaced
     by .GlobalEnv when processing object '<unknown>'
Flavor: r-devel-linux-x86_64-fedora-gcc