CRAN Package Check Results for Package climateStability

Last updated on 2019-09-22 14:47:24 CEST.

Flavor Version Tinstall Tcheck Ttotal Status Flags
r-devel-linux-x86_64-debian-clang 0.1.1 7.80 83.02 90.82 OK
r-devel-linux-x86_64-debian-gcc 0.1.1 5.44 66.46 71.90 OK
r-devel-linux-x86_64-fedora-clang 0.1.1 105.85 NOTE
r-devel-linux-x86_64-fedora-gcc 0.1.1 106.57 NOTE
r-devel-windows-ix86+x86_64 0.1.1 19.00 126.00 145.00 OK
r-patched-linux-x86_64 0.1.1 6.07 81.10 87.17 OK
r-patched-solaris-x86 0.1.1 160.30 NOTE
r-release-linux-x86_64 0.1.1 7.18 80.92 88.10 OK
r-release-windows-ix86+x86_64 0.1.1 12.00 91.00 103.00 OK
r-release-osx-x86_64 0.1.1 NOTE
r-oldrel-windows-ix86+x86_64 0.1.1 7.00 92.00 99.00 OK
r-oldrel-osx-x86_64 0.1.1 NOTE

Check Details

Version: 0.1.1
Check: dependencies in R code
Result: NOTE
    Namespace in Imports field not imported from: ‘knitr’
     All declared Imports should be used.
Flavors: r-devel-linux-x86_64-fedora-clang, r-devel-linux-x86_64-fedora-gcc, r-patched-solaris-x86, r-release-osx-x86_64, r-oldrel-osx-x86_64