CRAN Package Check Results for Package clinDR

Last updated on 2020-06-01 13:49:30 CEST.

Flavor Version Tinstall Tcheck Ttotal Status Flags
r-devel-linux-x86_64-debian-clang 2.2.1 14.09 95.96 110.05 OK
r-devel-linux-x86_64-debian-gcc 2.2.1 12.79 72.13 84.92 OK
r-devel-linux-x86_64-fedora-clang 2.2.1 138.23 NOTE
r-devel-linux-x86_64-fedora-gcc 2.2.1 138.08 NOTE
r-devel-windows-ix86+x86_64 2.2.1 37.00 105.00 142.00 WARN
r-patched-linux-x86_64 2.2.1 15.36 94.61 109.97 OK
r-patched-solaris-x86 2.2.1 179.10 NOTE
r-release-linux-x86_64 2.2.1 15.16 93.22 108.38 OK
r-release-osx-x86_64 2.2.1 NOTE
r-release-windows-ix86+x86_64 2.2.1 28.00 139.00 167.00 OK
r-oldrel-osx-x86_64 2.2.1 NOTE
r-oldrel-windows-ix86+x86_64 2.2.1 26.00 111.00 137.00 OK

Check Details

Version: 2.2.1
Check: data for non-ASCII characters
Result: NOTE
     Note: found 1 marked UTF-8 string
Flavors: r-devel-linux-x86_64-fedora-clang, r-devel-linux-x86_64-fedora-gcc, r-patched-solaris-x86, r-release-osx-x86_64, r-oldrel-osx-x86_64

Version: 2.2.1
Check: data for non-ASCII characters
Result: WARN
     Warning: found non-ASCII string
     'NCT00071487<a0>' in object 'metaData'
Flavor: r-devel-windows-ix86+x86_64