CRAN Package Check Results for Package cloudml

Last updated on 2024-07-24 17:58:39 CEST.

Flavor Version Tinstall Tcheck Ttotal Status Flags
r-devel-linux-x86_64-debian-clang 0.6.1 4.58 40.85 45.43 NOTE
r-devel-linux-x86_64-debian-gcc 0.6.1 3.47 30.76 34.23 NOTE
r-devel-linux-x86_64-fedora-clang 0.6.1 56.29 NOTE
r-devel-linux-x86_64-fedora-gcc 0.6.1 78.51 NOTE
r-devel-windows-x86_64 0.6.1 5.00 54.00 59.00 NOTE
r-patched-linux-x86_64 0.6.1 6.85 39.23 46.08 NOTE
r-release-linux-x86_64 0.6.1 4.63 37.82 42.45 NOTE
r-release-macos-arm64 0.6.1 34.00 NOTE
r-release-macos-x86_64 0.6.1 48.00 NOTE
r-release-windows-x86_64 0.6.1 5.00 55.00 60.00 NOTE
r-oldrel-macos-arm64 0.6.1 34.00 NOTE
r-oldrel-macos-x86_64 0.6.1 45.00 NOTE
r-oldrel-windows-x86_64 0.6.1 6.00 55.00 61.00 NOTE

Check Details

Version: 0.6.1
Check: LazyData
Result: NOTE 'LazyData' is specified without a 'data' directory Flavors: r-devel-linux-x86_64-debian-clang, r-devel-linux-x86_64-debian-gcc, r-devel-linux-x86_64-fedora-clang, r-devel-linux-x86_64-fedora-gcc, r-devel-windows-x86_64, r-patched-linux-x86_64, r-release-linux-x86_64, r-release-macos-arm64, r-release-macos-x86_64, r-release-windows-x86_64, r-oldrel-macos-arm64, r-oldrel-macos-x86_64, r-oldrel-windows-x86_64

Version: 0.6.1
Check: Rd cross-references
Result: NOTE Found the following Rd file(s) with Rd \link{} targets missing package anchors: cloudml_train.Rd: flags Please provide package anchors for all Rd \link{} targets not in the package itself and the base packages. Flavors: r-devel-linux-x86_64-debian-gcc, r-devel-windows-x86_64