CRAN Package Check Results for Package clubSandwich

Last updated on 2020-02-19 21:46:30 CET.

Flavor Version Tinstall Tcheck Ttotal Status Flags
r-devel-linux-x86_64-debian-clang 0.4.1 5.33 284.16 289.49 OK
r-devel-linux-x86_64-debian-gcc 0.4.1 4.34 214.21 218.55 OK
r-devel-linux-x86_64-fedora-clang 0.4.1 349.08 NOTE
r-devel-linux-x86_64-fedora-gcc 0.4.1 325.34 OK
r-devel-windows-ix86+x86_64 0.4.1 10.00 258.00 268.00 OK
r-devel-windows-ix86+x86_64-gcc8 0.4.0 14.00 349.00 363.00 OK
r-patched-linux-x86_64 0.4.1 3.89 253.23 257.12 OK
r-patched-solaris-x86 0.4.1 475.50 OK
r-release-linux-x86_64 0.4.1 4.34 249.54 253.88 OK
r-release-windows-ix86+x86_64 0.4.1 9.00 241.00 250.00 OK
r-release-osx-x86_64 0.4.1 OK
r-oldrel-windows-ix86+x86_64 0.4.1 7.00 248.00 255.00 OK
r-oldrel-osx-x86_64 0.4.1 OK

Check Details

Version: 0.4.1
Check: package dependencies
Result: NOTE
    Suggests orphaned package: ‘plm’
Flavor: r-devel-linux-x86_64-fedora-clang