Last updated on 2023-02-02 16:53:52 CET.
Flavor | Version | Tinstall | Tcheck | Ttotal | Status | Flags |
---|---|---|---|---|---|---|
r-devel-linux-x86_64-debian-clang | 1.2.1 | 7.47 | 60.80 | 68.27 | NOTE | |
r-devel-linux-x86_64-debian-gcc | 1.2.1 | 6.32 | 45.89 | 52.21 | NOTE | |
r-devel-linux-x86_64-fedora-clang | 1.2.1 | 90.19 | NOTE | |||
r-devel-linux-x86_64-fedora-gcc | 1.2.1 | 89.35 | NOTE | |||
r-patched-linux-x86_64 | 1.2.1 | 8.55 | 58.83 | 67.38 | OK | |
r-release-linux-x86_64 | 1.2.1 | 6.50 | 62.72 | 69.22 | OK | |
r-release-macos-arm64 | 1.2.1 | 27.00 | OK | |||
r-release-macos-x86_64 | 1.2.1 | 50.00 | OK | |||
r-release-windows-x86_64 | 1.2.1 | 18.00 | 94.00 | 112.00 | OK | |
r-oldrel-macos-arm64 | 1.2.1 | 33.00 | OK | |||
r-oldrel-macos-x86_64 | 1.2.1 | 53.00 | OK | |||
r-oldrel-windows-ix86+x86_64 | 1.2.1 | 17.00 | 85.00 | 102.00 | OK |
Version: 1.2.1
Check: Rd files
Result: NOTE
checkRd: (-1) dtmvnom.Rd:30: Escaped LaTeX specials: \&
Flavors: r-devel-linux-x86_64-debian-clang, r-devel-linux-x86_64-debian-gcc, r-devel-linux-x86_64-fedora-clang, r-devel-linux-x86_64-fedora-gcc