CRAN Package Check Results for Package clusterPower

Last updated on 2021-05-14 16:47:24 CEST.

Flavor Version Tinstall Tcheck Ttotal Status Flags
r-devel-linux-x86_64-debian-clang 0.7.0 14.68 85.82 100.50 OK
r-devel-linux-x86_64-debian-gcc 0.7.0 12.92 63.84 76.76 OK
r-devel-linux-x86_64-fedora-clang 0.7.0 131.33 OK
r-devel-linux-x86_64-fedora-gcc 0.7.0 119.36 OK
r-devel-windows-ix86+x86_64 0.7.0 33.00 94.00 127.00 OK
r-devel-windows-x86_64-gcc10-UCRT 0.7.0 OK
r-patched-linux-x86_64 0.7.0 15.68 81.18 96.86 OK
r-patched-solaris-x86 0.7.0 152.00 OK
r-release-linux-x86_64 0.7.0 13.76 77.89 91.65 OK
r-release-macos-x86_64 0.7.0 OK
r-release-windows-ix86+x86_64 0.7.0 30.00 108.00 138.00 OK
r-oldrel-macos-x86_64 0.7.0 ERROR
r-oldrel-windows-ix86+x86_64 0.7.0 7.00 8.00 15.00 ERROR

Check Details

Version: 0.7.0
Check: package dependencies
Result: ERROR
    Package required and available but unsuitable version: ‘methods’
    
    See section ‘The DESCRIPTION file’ in the ‘Writing R Extensions’
    manual.
Flavors: r-oldrel-macos-x86_64, r-oldrel-windows-ix86+x86_64