CRAN Package Check Results for Package clusterSEs

Last updated on 2022-01-28 07:51:16 CET.

Flavor Version Tinstall Tcheck Ttotal Status Flags
r-devel-linux-x86_64-debian-clang 2.6.5 13.01 125.45 138.46 OK
r-devel-linux-x86_64-debian-gcc 2.6.5 12.53 96.30 108.83 OK
r-devel-linux-x86_64-fedora-clang 2.6.5 157.19 OK
r-devel-linux-x86_64-fedora-gcc 2.6.5 151.62 OK
r-devel-windows-x86_64-new-UL 2.6.5 39.00 144.00 183.00 OK
r-devel-windows-x86_64-new-TK 2.6.5 ERROR
r-patched-linux-x86_64 2.6.5 11.09 111.82 122.91 OK
r-release-linux-x86_64 2.6.5 12.93 112.14 125.07 OK
r-release-macos-arm64 2.6.5 OK
r-release-macos-x86_64 2.6.5 OK
r-release-windows-ix86+x86_64 2.6.5 33.00 129.00 162.00 OK
r-oldrel-macos-x86_64 2.6.5 OK
r-oldrel-windows-ix86+x86_64 2.6.5 34.00 129.00 163.00 OK

Check Details

Version: 2.6.5
Check: package dependencies
Result: ERROR
    Package required but not available: 'AER'
    
    See section 'The DESCRIPTION file' in the 'Writing R Extensions'
    manual.
Flavor: r-devel-windows-x86_64-new-TK