CRAN Package Check Results for Package clustermq

Last updated on 2022-08-13 07:11:31 CEST.

Flavor Version Tinstall Tcheck Ttotal Status Flags
r-devel-linux-x86_64-debian-clang 0.8.95.3 48.34 62.12 110.46 OK
r-devel-linux-x86_64-debian-gcc 0.8.95.3 36.60 49.91 86.51 OK
r-devel-linux-x86_64-fedora-clang 0.8.95.3 148.32 NOTE
r-devel-linux-x86_64-fedora-gcc 0.8.95.3 136.38 NOTE
r-devel-windows-x86_64 0.8.95.3 59.00 119.00 178.00 OK
r-patched-linux-x86_64 0.8.95.3 38.02 62.08 100.10 OK
r-release-linux-x86_64 0.8.95.3 32.48 60.23 92.71 OK
r-release-macos-arm64 0.8.95.3 40.00 NOTE
r-release-macos-x86_64 0.8.95.3 72.00 NOTE
r-release-windows-x86_64 0.8.95.3 56.00 116.00 172.00 OK
r-oldrel-macos-arm64 0.8.95.3 51.00 NOTE
r-oldrel-macos-x86_64 0.8.95.3 66.00 NOTE
r-oldrel-windows-ix86+x86_64 0.8.95.3 107.00 117.00 224.00 OK

Check Details

Version: 0.8.95.3
Check: dependencies in R code
Result: NOTE
    Namespaces in Imports field not imported from:
     ‘R6’ ‘methods’ ‘purrr’
     All declared Imports should be used.
Flavors: r-devel-linux-x86_64-fedora-clang, r-devel-linux-x86_64-fedora-gcc, r-release-macos-arm64, r-release-macos-x86_64, r-oldrel-macos-arm64, r-oldrel-macos-x86_64

Version: 0.8.95.3
Check: installed package size
Result: NOTE
     installed size is 14.9Mb
     sub-directories of 1Mb or more:
     libs 13.9Mb
Flavors: r-release-macos-x86_64, r-oldrel-macos-arm64, r-oldrel-macos-x86_64