Last updated on 2023-06-06 05:55:06 CEST.
Flavor | Version | Tinstall | Tcheck | Ttotal | Status | Flags |
---|---|---|---|---|---|---|
r-devel-linux-x86_64-debian-clang | 0.1.1 | 5.13 | 824.88 | 830.01 | NOTE | |
r-devel-linux-x86_64-debian-gcc | 0.1.1 | 2.23 | 635.17 | 637.40 | NOTE | |
r-devel-linux-x86_64-fedora-clang | 0.1.1 | 918.34 | NOTE | |||
r-devel-linux-x86_64-fedora-gcc | 0.1.1 | 855.17 | NOTE | |||
r-devel-windows-x86_64 | 0.1.1 | 4.00 | 43.00 | 47.00 | NOTE | --no-examples --no-tests --no-vignettes |
r-patched-linux-x86_64 | 0.1.1 | 4.02 | 711.27 | 715.29 | NOTE | |
r-release-linux-x86_64 | 0.1.1 | 3.18 | 761.80 | 764.98 | NOTE | |
r-release-macos-arm64 | 0.1.1 | 191.00 | NOTE | |||
r-release-macos-x86_64 | 0.1.1 | 350.00 | NOTE | |||
r-release-windows-x86_64 | 0.1.1 | 5.00 | 37.00 | 42.00 | NOTE | --no-examples --no-tests --no-vignettes |
r-oldrel-macos-arm64 | 0.1.1 | 171.00 | NOTE | |||
r-oldrel-macos-x86_64 | 0.1.1 | 229.00 | NOTE | |||
r-oldrel-windows-x86_64 | 0.1.1 | 5.00 | 45.00 | 50.00 | NOTE | --no-examples --no-tests --no-vignettes |
Version: 0.1.1
Check: LazyData
Result: NOTE
'LazyData' is specified without a 'data' directory
Flavors: r-devel-linux-x86_64-debian-clang, r-devel-linux-x86_64-debian-gcc, r-devel-linux-x86_64-fedora-clang, r-devel-linux-x86_64-fedora-gcc, r-patched-linux-x86_64, r-release-linux-x86_64, r-release-macos-arm64, r-release-macos-x86_64, r-oldrel-macos-arm64, r-oldrel-macos-x86_64
Version: 0.1.1
Flags: --no-examples --no-tests --no-vignettes
Check: LazyData
Result: NOTE
'LazyData' is specified without a 'data' directory
Flavors: r-devel-windows-x86_64, r-release-windows-x86_64, r-oldrel-windows-x86_64