CRAN Package Check Results for Package clustringr

Last updated on 2020-11-25 08:50:32 CET.

Flavor Version Tinstall Tcheck Ttotal Status Flags
r-devel-linux-x86_64-debian-clang 1.0 7.19 56.82 64.01 OK
r-devel-linux-x86_64-debian-gcc 1.0 7.00 44.25 51.25 OK
r-devel-linux-x86_64-fedora-clang 1.0 80.74 NOTE
r-devel-linux-x86_64-fedora-gcc 1.0 72.86 NOTE
r-devel-windows-ix86+x86_64 1.0 16.00 80.00 96.00 OK
r-patched-linux-x86_64 1.0 6.56 53.42 59.98 OK
r-patched-solaris-x86 1.0 111.40 NOTE
r-release-linux-x86_64 1.0 6.79 54.92 61.71 OK
r-release-macos-x86_64 1.0 NOTE
r-release-windows-ix86+x86_64 1.0 24.00 78.00 102.00 OK
r-oldrel-macos-x86_64 1.0 NOTE
r-oldrel-windows-ix86+x86_64 1.0 9.00 53.00 62.00 OK

Check Details

Version: 1.0
Check: dependencies in R code
Result: NOTE
    Namespace in Imports field not imported from: ‘stringi’
     All declared Imports should be used.
Flavors: r-devel-linux-x86_64-fedora-clang, r-devel-linux-x86_64-fedora-gcc, r-patched-solaris-x86, r-release-macos-x86_64, r-oldrel-macos-x86_64

Version: 1.0
Check: data for non-ASCII characters
Result: NOTE
     Note: found 5626 marked UTF-8 strings
Flavors: r-devel-linux-x86_64-fedora-clang, r-devel-linux-x86_64-fedora-gcc, r-patched-solaris-x86, r-release-macos-x86_64, r-oldrel-macos-x86_64