CRAN Package Check Results for Package clv

Last updated on 2022-05-26 22:53:32 CEST.

Flavor Version Tinstall Tcheck Ttotal Status Flags
r-devel-linux-x86_64-debian-clang 0.3-2.2 8.23 46.27 54.50 OK
r-devel-linux-x86_64-debian-gcc 0.3-2.2 5.15 38.90 44.05 OK
r-devel-linux-x86_64-fedora-clang 0.3-2.2 63.21 NOTE
r-devel-linux-x86_64-fedora-gcc 0.3-2.2 61.09 NOTE
r-devel-windows-x86_64 0.3-2.2 27.00 64.00 91.00 OK
r-patched-linux-x86_64 0.3-2.2 7.28 42.56 49.84 OK
r-release-linux-x86_64 0.3-2.2 6.72 43.10 49.82 OK
r-release-macos-arm64 0.3-2.2 21.00 OK
r-release-macos-x86_64 0.3-2.2 29.00 OK
r-release-windows-x86_64 0.3-2.2 30.00 63.00 93.00 OK
r-oldrel-macos-arm64 0.3-2.2 24.00 OK
r-oldrel-macos-x86_64 0.3-2.2 37.00 OK
r-oldrel-windows-ix86+x86_64 0.3-2.2 20.00 69.00 89.00 OK

Check Details

Version: 0.3-2.2
Check: compiled code
Result: NOTE
    File ‘clv/libs/clv.so’:
     Found no calls to: ‘R_registerRoutines’, ‘R_useDynamicSymbols’
    
    It is good practice to register native routines and to disable symbol
    search.
    
    See ‘Writing portable packages’ in the ‘Writing R Extensions’ manual.
Flavors: r-devel-linux-x86_64-fedora-clang, r-devel-linux-x86_64-fedora-gcc