CRAN Package Check Results for Package cmtest

Last updated on 2022-06-26 11:17:13 CEST.

Flavor Version Tinstall Tcheck Ttotal Status Flags
r-devel-linux-x86_64-debian-clang 0.1-2 2.25 32.15 34.40 OK
r-devel-linux-x86_64-debian-gcc 0.1-2 2.27 25.48 27.75 NOTE
r-devel-linux-x86_64-fedora-clang 0.1-2 57.52 OK
r-devel-linux-x86_64-fedora-gcc 0.1-2 54.78 NOTE
r-devel-windows-x86_64 0.1-2 11.00 66.00 77.00 OK
r-patched-linux-x86_64 0.1-2 2.51 31.89 34.40 OK
r-release-linux-x86_64 0.1-2 2.19 32.34 34.53 OK
r-release-macos-arm64 0.1-2 18.00 OK
r-release-macos-x86_64 0.1-2 29.00 OK
r-release-windows-x86_64 0.1-2 12.00 63.00 75.00 OK
r-oldrel-macos-arm64 0.1-2 16.00 OK
r-oldrel-macos-x86_64 0.1-2 24.00 OK
r-oldrel-windows-ix86+x86_64 0.1-2 6.00 56.00 62.00 OK

Check Details

Version: 0.1-2
Check: package dependencies
Result: NOTE
    Package suggested but not available for checking: ‘tobit1’
Flavors: r-devel-linux-x86_64-debian-gcc, r-devel-linux-x86_64-fedora-gcc