CRAN Package Check Results for Package cns

Last updated on 2022-01-18 19:51:02 CET.

Flavor Version Tinstall Tcheck Ttotal Status Flags
r-devel-linux-x86_64-debian-clang 0.1.0 1.71 28.13 29.84 OK
r-devel-linux-x86_64-debian-gcc 0.1.0 1.55 23.38 24.93 OK
r-devel-linux-x86_64-fedora-clang 0.1.0 37.85 OK
r-devel-linux-x86_64-fedora-gcc 0.1.0 26.67 OK
r-devel-windows-x86_64-new-UL 0.1.0 15.00 41.00 56.00 OK
r-devel-windows-x86_64-new-TK 0.1.0 OK
r-patched-linux-x86_64 0.1.0 1.99 27.26 29.25 OK
r-release-linux-x86_64 0.1.0 OK
r-release-macos-arm64 0.1.0 OK
r-release-macos-x86_64 0.1.0 OK
r-release-windows-ix86+x86_64 0.1.0 4.00 24.00 28.00 OK
r-oldrel-macos-x86_64 0.1.0 ERROR
r-oldrel-windows-ix86+x86_64 0.1.0 1.00 3.00 4.00 ERROR

Check Details

Version: 0.1.0
Check: whether package can be installed
Result: ERROR
    Installation failed.
Flavors: r-oldrel-macos-x86_64, r-oldrel-windows-ix86+x86_64