CRAN Package Check Results for Package codalm

Last updated on 2024-05-29 11:52:32 CEST.

Flavor Version Tinstall Tcheck Ttotal Status Flags
r-devel-linux-x86_64-debian-clang 0.1.2 2.93 65.79 68.72 NOTE
r-devel-linux-x86_64-debian-gcc 0.1.2 2.18 45.93 48.11 NOTE
r-devel-linux-x86_64-fedora-clang 0.1.2 81.88 NOTE
r-devel-linux-x86_64-fedora-gcc 0.1.2 89.67 NOTE
r-devel-windows-x86_64 0.1.2 3.00 65.00 68.00 NOTE
r-patched-linux-x86_64 0.1.2 2.44 61.87 64.31 NOTE
r-release-linux-x86_64 0.1.2 2.14 61.02 63.16 NOTE
r-release-macos-arm64 0.1.2 32.00 NOTE
r-release-windows-x86_64 0.1.2 3.00 63.00 66.00 NOTE
r-oldrel-macos-arm64 0.1.2 37.00 OK
r-oldrel-macos-x86_64 0.1.2 51.00 OK
r-oldrel-windows-x86_64 0.1.2 4.00 75.00 79.00 OK

Check Details

Version: 0.1.2
Check: Rd files
Result: NOTE checkRd: (-1) educFM.Rd:22: Lost braces in \itemize; meant \describe ? checkRd: (-1) educFM.Rd:23: Lost braces in \itemize; meant \describe ? checkRd: (-1) educFM.Rd:24: Lost braces in \itemize; meant \describe ? checkRd: (-1) educFM.Rd:25: Lost braces in \itemize; meant \describe ? checkRd: (-1) educFM.Rd:26: Lost braces in \itemize; meant \describe ? checkRd: (-1) educFM.Rd:27: Lost braces in \itemize; meant \describe ? checkRd: (-1) educFM.Rd:28: Lost braces in \itemize; meant \describe ? Flavors: r-devel-linux-x86_64-debian-clang, r-devel-linux-x86_64-debian-gcc, r-devel-linux-x86_64-fedora-clang, r-devel-linux-x86_64-fedora-gcc, r-devel-windows-x86_64, r-patched-linux-x86_64, r-release-linux-x86_64, r-release-macos-arm64, r-release-windows-x86_64