CRAN Package Check Results for Package codebook

Last updated on 2024-05-20 09:49:08 CEST.

Flavor Version Tinstall Tcheck Ttotal Status Flags
r-devel-linux-x86_64-debian-clang 0.9.2 7.69 179.45 187.14 NOTE
r-devel-linux-x86_64-debian-gcc 0.9.2 5.08 126.23 131.31 ERROR
r-devel-linux-x86_64-fedora-clang 0.9.2 251.55 NOTE
r-devel-linux-x86_64-fedora-gcc 0.9.2 327.04 NOTE
r-devel-windows-x86_64 0.9.2 8.00 159.00 167.00 NOTE
r-patched-linux-x86_64 0.9.2 7.19 173.86 181.05 NOTE
r-release-linux-x86_64 0.9.2 4.96 174.84 179.80 NOTE
r-release-macos-arm64 0.9.2 94.00 NOTE
r-release-windows-x86_64 0.9.2 8.00 156.00 164.00 NOTE
r-oldrel-macos-arm64 0.9.2 97.00 NOTE
r-oldrel-macos-x86_64 0.9.2 236.00 NOTE
r-oldrel-windows-x86_64 0.9.2 10.00 191.00 201.00 NOTE

Check Details

Version: 0.9.2
Check: package dependencies
Result: NOTE Package suggested but not available for checking: ‘userfriendlyscience’ Flavors: r-devel-linux-x86_64-debian-clang, r-devel-linux-x86_64-debian-gcc, r-devel-linux-x86_64-fedora-clang, r-devel-linux-x86_64-fedora-gcc, r-devel-windows-x86_64, r-patched-linux-x86_64, r-release-linux-x86_64, r-release-macos-arm64, r-release-windows-x86_64, r-oldrel-macos-arm64, r-oldrel-macos-x86_64, r-oldrel-windows-x86_64

Version: 0.9.2
Check: re-building of vignette outputs
Result: ERROR Error(s) in re-building vignettes: ... --- re-building ‘codebook.Rmd’ using rmarkdown Failed with error: 'there is no package called 'GGally'' Failed with error: 'there is no package called 'GGally'' ** Processing: /home/hornik/tmp/R.check/r-devel-gcc/Work/PKGS/codebook.Rcheck/vign_test/codebook/vignettes/codebook_files/figure-html/cb_bfi_overview__starting_time-1.png 672x672 pixels, 8 bits/pixel, 242 colors in palette Reducing image to 8 bits/pixel, grayscale Input IDAT size = 6765 bytes Input file size = 7581 bytes Trying: zc = 9 zm = 8 zs = 0 f = 0 IDAT size = 5107 zc = 9 zm = 8 zs = 1 f = 0 zc = 1 zm = 8 zs = 2 f = 0 zc = 9 zm = 8 zs = 3 f = 0 zc = 9 zm = 8 zs = 0 f = 5 IDAT size = 4738 zc = 9 zm = 8 zs = 1 f = 5 IDAT size = 4732 zc = 1 zm = 8 zs = 2 f = 5 zc = 9 zm = 8 zs = 3 f = 5 Selecting parameters: zc = 9 zm = 8 zs = 1 f = 5 IDAT size = 4732 Output IDAT size = 4732 bytes (2033 bytes decrease) Output file size = 4810 bytes (2771 bytes = 36.55% decrease) ** Processing: /home/hornik/tmp/R.check/r-devel-gcc/Work/PKGS/codebook.Rcheck/vign_test/codebook/vignettes/codebook_files/figure-html/cb_bfi_overview__duration-1.png 672x672 pixels, 8 bits/pixel, 253 colors in palette Reducing image to 8 bits/pixel, grayscale Input IDAT size = 7851 bytes Input file size = 8700 bytes Trying: zc = 9 zm = 8 zs = 0 f = 0 IDAT size = 6393 zc = 9 zm = 8 zs = 1 f = 0 IDAT size = 6367 zc = 1 zm = 8 zs = 2 f = 0 zc = 9 zm = 8 zs = 3 f = 0 zc = 9 zm = 8 zs = 0 f = 5 IDAT size = 6310 zc = 9 zm = 8 zs = 1 f = 5 IDAT size = 6270 zc = 1 zm = 8 zs = 2 f = 5 zc = 9 zm = 8 zs = 3 f = 5 Selecting parameters: zc = 9 zm = 8 zs = 1 f = 5 IDAT size = 6270 Output IDAT size = 6270 bytes (1581 bytes decrease) Output file size = 6348 bytes (2352 bytes = 27.03% decrease) ** Processing: /home/hornik/tmp/R.check/r-devel-gcc/Work/PKGS/codebook.Rcheck/vign_test/codebook/vignettes/codebook_files/figure-html/cb_bfi_BFIK_agree_likert-1.png 672x384 pixels, 3x8 bits/pixel, RGB Input IDAT size = 34372 bytes Input file size = 34498 bytes Trying: zc = 9 zm = 8 zs = 0 f = 0 IDAT size = 26312 zc = 9 zm = 8 zs = 1 f = 0 zc = 1 zm = 8 zs = 2 f = 0 zc = 9 zm = 8 zs = 3 f = 0 zc = 9 zm = 8 zs = 0 f = 5 zc = 9 zm = 8 zs = 1 f = 5 zc = 1 zm = 8 zs = 2 f = 5 zc = 9 zm = 8 zs = 3 f = 5 Selecting parameters: zc = 9 zm = 8 zs = 0 f = 0 IDAT size = 26312 Output IDAT size = 26312 bytes (8060 bytes decrease) Output file size = 26390 bytes (8108 bytes = 23.50% decrease) ** Processing: /home/hornik/tmp/R.check/r-devel-gcc/Work/PKGS/codebook.Rcheck/vign_test/codebook/vignettes/codebook_files/figure-html/cb_bfi_BFIK_agree_distribution-1.png 672x672 pixels, 8 bits/pixel, 256 colors in palette Reducing image to 8 bits/pixel, grayscale Input IDAT size = 10396 bytes Input file size = 11266 bytes Trying: zc = 9 zm = 8 zs = 0 f = 0 IDAT size = 8229 zc = 9 zm = 8 zs = 1 f = 0 zc = 1 zm = 8 zs = 2 f = 0 zc = 9 zm = 8 zs = 3 f = 0 zc = 9 zm = 8 zs = 0 f = 5 zc = 9 zm = 8 zs = 1 f = 5 zc = 1 zm = 8 zs = 2 f = 5 zc = 9 zm = 8 zs = 3 f = 5 Selecting parameters: zc = 9 zm = 8 zs = 0 f = 0 IDAT size = 8229 Output IDAT size = 8229 bytes (2167 bytes decrease) Output file size = 8307 bytes (2959 bytes = 26.26% decrease) ** Processing: /home/hornik/tmp/R.check/r-devel-gcc/Work/PKGS/codebook.Rcheck/vign_test/codebook/vignettes/codebook_files/figure-html/cb_bfi_BFIK_neuro_likert-49-1.png 672x288 pixels, 3x8 bits/pixel, RGB Input IDAT size = 26365 bytes Input file size = 26479 bytes Trying: zc = 9 zm = 8 zs = 0 f = 0 IDAT size = 20270 zc = 9 zm = 8 zs = 1 f = 0 zc = 1 zm = 8 zs = 2 f = 0 zc = 9 zm = 8 zs = 3 f = 0 zc = 9 zm = 8 zs = 0 f = 5 zc = 9 zm = 8 zs = 1 f = 5 zc = 1 zm = 8 zs = 2 f = 5 zc = 9 zm = 8 zs = 3 f = 5 Selecting parameters: zc = 9 zm = 8 zs = 0 f = 0 IDAT size = 20270 Output IDAT size = 20270 bytes (6095 bytes decrease) Output file size = 20348 bytes (6131 bytes = 23.15% decrease) ** Processing: /home/hornik/tmp/R.check/r-devel-gcc/Work/PKGS/codebook.Rcheck/vign_test/codebook/vignettes/codebook_files/figure-html/cb_bfi_BFIK_neuro_distribution-50-1.png 672x672 pixels, 8 bits/pixel, 256 colors in palette Reducing image to 8 bits/pixel, grayscale Input IDAT size = 10797 bytes Input file size = 11667 bytes Trying: zc = 9 zm = 8 zs = 0 f = 0 IDAT size = 8284 zc = 9 zm = 8 zs = 1 f = 0 zc = 1 zm = 8 zs = 2 f = 0 zc = 9 zm = 8 zs = 3 f = 0 zc = 9 zm = 8 zs = 0 f = 5 zc = 9 zm = 8 zs = 1 f = 5 zc = 1 zm = 8 zs = 2 f = 5 zc = 9 zm = 8 zs = 3 f = 5 Selecting parameters: zc = 9 zm = 8 zs = 0 f = 0 IDAT size = 8284 Output IDAT size = 8284 bytes (2513 bytes decrease) Output file size = 8362 bytes (3305 bytes = 28.33% decrease) ** Processing: /home/hornik/tmp/R.check/r-devel-gcc/Work/PKGS/codebook.Rcheck/vign_test/codebook/vignettes/codebook_files/figure-html/cb_bfi_age_distribution-70-1.png 672x672 pixels, 8 bits/pixel, 256 colors in palette Reducing image to 8 bits/pixel, grayscale Input IDAT size = 7519 bytes Input file size = 8377 bytes Trying: zc = 9 zm = 8 zs = 0 f = 0 IDAT size = 5380 zc = 9 zm = 8 zs = 1 f = 0 zc = 1 zm = 8 zs = 2 f = 0 zc = 9 zm = 8 zs = 3 f = 0 zc = 9 zm = 8 zs = 0 f = 5 IDAT size = 5352 zc = 9 zm = 8 zs = 1 f = 5 IDAT size = 5292 zc = 1 zm = 8 zs = 2 f = 5 zc = 9 zm = 8 zs = 3 f = 5 Selecting parameters: zc = 9 zm = 8 zs = 1 f = 5 IDAT size = 5292 Output IDAT size = 5292 bytes (2227 bytes decrease) Output file size = 5370 bytes (3007 bytes = 35.90% decrease) --- finished re-building ‘codebook.Rmd’ --- re-building ‘codebook_qualtrics.Rmd’ using rmarkdown ** Processing: /home/hornik/tmp/R.check/r-devel-gcc/Work/PKGS/codebook.Rcheck/vign_test/codebook/vignettes/codebook_qualtrics_files/figure-html/cb_results_ResponseSet_distribution-1.png 672x280 pixels, 8 bits/pixel, 256 colors in palette Reducing image to 8 bits/pixel, grayscale Input IDAT size = 4868 bytes Input file size = 5726 bytes Trying: zc = 9 zm = 8 zs = 0 f = 0 IDAT size = 4419 zc = 9 zm = 8 zs = 1 f = 0 IDAT size = 4368 zc = 1 zm = 8 zs = 2 f = 0 zc = 9 zm = 8 zs = 3 f = 0 zc = 9 zm = 8 zs = 0 f = 5 zc = 9 zm = 8 zs = 1 f = 5 zc = 1 zm = 8 zs = 2 f = 5 zc = 9 zm = 8 zs = 3 f = 5 Selecting parameters: zc = 9 zm = 8 zs = 1 f = 0 IDAT size = 4368 Output IDAT size = 4368 bytes (500 bytes decrease) Output file size = 4446 bytes (1280 bytes = 22.35% decrease) ** Processing: /home/hornik/tmp/R.check/r-devel-gcc/Work/PKGS/codebook.Rcheck/vign_test/codebook/vignettes/codebook_qualtrics_files/figure-html/cb_results_Q7_distribution-48-1.png 672x369 pixels, 8 bits/pixel, 256 colors in palette Reducing image to 8 bits/pixel, grayscale Input IDAT size = 10479 bytes Input file size = 11349 bytes Trying: zc = 9 zm = 8 zs = 0 f = 0 IDAT size = 9532 zc = 9 zm = 8 zs = 1 f = 0 zc = 1 zm = 8 zs = 2 f = 0 zc = 9 zm = 8 zs = 3 f = 0 zc = 9 zm = 8 zs = 0 f = 5 zc = 9 zm = 8 zs = 1 f = 5 zc = 1 zm = 8 zs = 2 f = 5 zc = 9 zm = 8 zs = 3 f = 5 Selecting parameters: zc = 9 zm = 8 zs = 0 f = 0 IDAT size = 9532 Output IDAT size = 9532 bytes (947 bytes decrease) Output file size = 9610 bytes (1739 bytes = 15.32% decrease) ** Processing: /home/hornik/tmp/R.check/r-devel-gcc/Work/PKGS/codebook.Rcheck/vign_test/codebook/vignettes/codebook_qualtrics_files/figure-html/cb_results_Q10_distribution-61-1.png 672x369 pixels, 8 bits/pixel, 256 colors in palette Reducing image to 8 bits/pixel, grayscale Input IDAT size = 10104 bytes Input file size = 10974 bytes Trying: zc = 9 zm = 8 zs = 0 f = 0 IDAT size = 9156 zc = 9 zm = 8 zs = 1 f = 0 zc = 1 zm = 8 zs = 2 f = 0 zc = 9 zm = 8 zs = 3 f = 0 zc = 9 zm = 8 zs = 0 f = 5 zc = 9 zm = 8 zs = 1 f = 5 zc = 1 zm = 8 zs = 2 f = 5 zc = 9 zm = 8 zs = 3 f = 5 Selecting parameters: zc = 9 zm = 8 zs = 0 f = 0 IDAT size = 9156 Output IDAT size = 9156 bytes (948 bytes decrease) Output file size = 9234 bytes (1740 bytes = 15.86% decrease) --- finished re-building ‘codebook_qualtrics.Rmd’ --- re-building ‘codebook_sav.Rmd’ using rmarkdown Quitting from lines 39-44 [unnamed-chunk-2] (codebook_sav.Rmd) Error: processing vignette 'codebook_sav.Rmd' failed with diagnostics: Failed to parse /home/hornik/tmp/scratch/RtmpLWvEdr/file1fc63e7e9d6633.sav: Unable to read from file. --- failed re-building ‘codebook_sav.Rmd’ --- re-building ‘codebook_tutorial.Rmd’ using rmarkdown Failed with error: 'there is no package called 'GGally'' Failed with error: 'there is no package called 'GGally'' ** Processing: /home/hornik/tmp/R.check/r-devel-gcc/Work/PKGS/codebook.Rcheck/vign_test/codebook/vignettes/codebook_tutorial_files/figure-html/cb_codebook_data_extraversion_likert-1.png 672x480 pixels, 3x8 bits/pixel, RGB Input IDAT size = 33482 bytes Input file size = 33608 bytes Trying: zc = 9 zm = 8 zs = 0 f = 0 IDAT size = 26684 zc = 9 zm = 8 zs = 1 f = 0 zc = 1 zm = 8 zs = 2 f = 0 zc = 9 zm = 8 zs = 3 f = 0 zc = 9 zm = 8 zs = 0 f = 5 zc = 9 zm = 8 zs = 1 f = 5 zc = 1 zm = 8 zs = 2 f = 5 zc = 9 zm = 8 zs = 3 f = 5 Selecting parameters: zc = 9 zm = 8 zs = 0 f = 0 IDAT size = 26684 Output IDAT size = 26684 bytes (6798 bytes decrease) Output file size = 26762 bytes (6846 bytes = 20.37% decrease) ** Processing: /home/hornik/tmp/R.check/r-devel-gcc/Work/PKGS/codebook.Rcheck/vign_test/codebook/vignettes/codebook_tutorial_files/figure-html/cb_codebook_data_extraversion_distribution-1.png 672x576 pixels, 8 bits/pixel, 255 colors in palette Reducing image to 8 bits/pixel, grayscale Input IDAT size = 8610 bytes Input file size = 9477 bytes Trying: zc = 9 zm = 8 zs = 0 f = 0 IDAT size = 6422 zc = 9 zm = 8 zs = 1 f = 0 IDAT size = 6404 zc = 1 zm = 8 zs = 2 f = 0 zc = 9 zm = 8 zs = 3 f = 0 zc = 9 zm = 8 zs = 0 f = 5 zc = 9 zm = 8 zs = 1 f = 5 zc = 1 zm = 8 zs = 2 f = 5 zc = 9 zm = 8 zs = 3 f = 5 Selecting parameters: zc = 9 zm = 8 zs = 1 f = 0 IDAT size = 6404 Output IDAT size = 6404 bytes (2206 bytes decrease) Output file size = 6482 bytes (2995 bytes = 31.60% decrease) ** Processing: /home/hornik/tmp/R.check/r-devel-gcc/Work/PKGS/codebook.Rcheck/vign_test/codebook/vignettes/codebook_tutorial_files/figure-html/cb_codebook_data_plasticity_likert-96-1.png 672x960 pixels, 3x8 bits/pixel, RGB Input IDAT size = 55279 bytes Input file size = 55429 bytes Trying: zc = 9 zm = 8 zs = 0 f = 0 IDAT size = 44329 zc = 9 zm = 8 zs = 1 f = 0 zc = 1 zm = 8 zs = 2 f = 0 zc = 9 zm = 8 zs = 3 f = 0 zc = 9 zm = 8 zs = 0 f = 5 zc = 9 zm = 8 zs = 1 f = 5 zc = 1 zm = 8 zs = 2 f = 5 zc = 9 zm = 8 zs = 3 f = 5 Selecting parameters: zc = 9 zm = 8 zs = 0 f = 0 IDAT size = 44329 Output IDAT size = 44329 bytes (10950 bytes decrease) Output file size = 44407 bytes (11022 bytes = 19.88% decrease) ** Processing: /home/hornik/tmp/R.check/r-devel-gcc/Work/PKGS/codebook.Rcheck/vign_test/codebook/vignettes/codebook_tutorial_files/figure-html/cb_codebook_data_plasticity_distribution-97-1.png 672x576 pixels, 8 bits/pixel, 256 colors in palette Reducing image to 8 bits/pixel, grayscale Input IDAT size = 8466 bytes Input file size = 9336 bytes Trying: zc = 9 zm = 8 zs = 0 f = 0 IDAT size = 6282 zc = 9 zm = 8 zs = 1 f = 0 zc = 1 zm = 8 zs = 2 f = 0 zc = 9 zm = 8 zs = 3 f = 0 zc = 9 zm = 8 zs = 0 f = 5 zc = 9 zm = 8 zs = 1 f = 5 zc = 1 zm = 8 zs = 2 f = 5 zc = 9 zm = 8 zs = 3 f = 5 Selecting parameters: zc = 9 zm = 8 zs = 0 f = 0 IDAT size = 6282 Output IDAT size = 6282 bytes (2184 bytes decrease) Output file size = 6360 bytes (2976 bytes = 31.88% decrease) ** Processing: /home/hornik/tmp/R.check/r-devel-gcc/Work/PKGS/codebook.Rcheck/vign_test/codebook/vignettes/codebook_tutorial_files/figure-html/cb_codebook_data_A1R_distribution-117-1.png 672x576 pixels, 8 bits/pixel, 255 colors in palette Reducing image to 8 bits/pixel, grayscale Input IDAT size = 10934 bytes Input file size = 11801 bytes Trying: zc = 9 zm = 8 zs = 0 f = 0 IDAT size = 8570 zc = 9 zm = 8 zs = 1 f = 0 zc = 1 zm = 8 zs = 2 f = 0 zc = 9 zm = 8 zs = 3 f = 0 zc = 9 zm = 8 zs = 0 f = 5 zc = 9 zm = 8 zs = 1 f = 5 zc = 1 zm = 8 zs = 2 f = 5 zc = 9 zm = 8 zs = 3 f = 5 Selecting parameters: zc = 9 zm = 8 zs = 0 f = 0 IDAT size = 8570 Output IDAT size = 8570 bytes (2364 bytes decrease) Output file size = 8648 bytes (3153 bytes = 26.72% decrease) ** Processing: /home/hornik/tmp/R.check/r-devel-gcc/Work/PKGS/codebook.Rcheck/vign_test/codebook/vignettes/codebook_tutorial_files/figure-html/cb_codebook_data_A2_distribution-127-1.png 672x576 pixels, 8 bits/pixel, 256 colors in palette Reducing image to 8 bits/pixel, grayscale Input IDAT size = 10573 bytes Input file size = 11443 bytes Trying: zc = 9 zm = 8 zs = 0 f = 0 IDAT size = 8546 zc = 9 zm = 8 zs = 1 f = 0 zc = 1 zm = 8 zs = 2 f = 0 zc = 9 zm = 8 zs = 3 f = 0 zc = 9 zm = 8 zs = 0 f = 5 zc = 9 zm = 8 zs = 1 f = 5 zc = 1 zm = 8 zs = 2 f = 5 zc = 9 zm = 8 zs = 3 f = 5 Selecting parameters: zc = 9 zm = 8 zs = 0 f = 0 IDAT size = 8546 Output IDAT size = 8546 bytes (2027 bytes decrease) Output file size = 8624 bytes (2819 bytes = 24.64% decrease) ** Processing: /home/hornik/tmp/R.check/r-devel-gcc/Work/PKGS/codebook.Rcheck/vign_test/codebook/vignettes/codebook_tutorial_files/figure-html/cb_codebook_data_A3_distribution-140-1.png 672x576 pixels, 8 bits/pixel, 253 colors in palette Reducing image to 8 bits/pixel, grayscale Input IDAT size = 10288 bytes Input file size = 11149 bytes Trying: zc = 9 zm = 8 zs = 0 f = 0 IDAT size = 8319 zc = 9 zm = 8 zs = 1 f = 0 zc = 1 zm = 8 zs = 2 f = 0 zc = 9 zm = 8 zs = 3 f = 0 zc = 9 zm = 8 zs = 0 f = 5 zc = 9 zm = 8 zs = 1 f = 5 zc = 1 zm = 8 zs = 2 f = 5 zc = 9 zm = 8 zs = 3 f = 5 Selecting parameters: zc = 9 zm = 8 zs = 0 f = 0 IDAT size = 8319 Output IDAT size = 8319 bytes (1969 bytes decrease) Output file size = 8397 bytes (2752 bytes = 24.68% decrease) ** Processing: /home/hornik/tmp/R.check/r-devel-gcc/Work/PKGS/codebook.Rcheck/vign_test/codebook/vignettes/codebook_tutorial_files/figure-html/cb_codebook_data_A4_distribution-153-1.png 672x576 pixels, 8 bits/pixel, 251 colors in palette Reducing image to 8 bits/pixel, grayscale Input IDAT size = 9640 bytes Input file size = 10495 bytes Trying: zc = 9 zm = 8 zs = 0 f = 0 IDAT size = 7857 zc = 9 zm = 8 zs = 1 f = 0 zc = 1 zm = 8 zs = 2 f = 0 zc = 9 zm = 8 zs = 3 f = 0 zc = 9 zm = 8 zs = 0 f = 5 zc = 9 zm = 8 zs = 1 f = 5 zc = 1 zm = 8 zs = 2 f = 5 zc = 9 zm = 8 zs = 3 f = 5 Selecting parameters: zc = 9 zm = 8 zs = 0 f = 0 IDAT size = 7857 Output IDAT size = 7857 bytes (1783 bytes decrease) Output file size = 7935 bytes (2560 bytes = 24.39% decrease) ** Processing: /home/hornik/tmp/R.check/r-devel-gcc/Work/PKGS/codebook.Rcheck/vign_test/codebook/vignettes/codebook_tutorial_files/figure-html/cb_codebook_data_A5_distribution-166-1.png 672x576 pixels, 8 bits/pixel, 253 colors in palette Reducing image to 8 bits/pixel, grayscale Input IDAT size = 10102 bytes Input file size = 10963 bytes Trying: zc = 9 zm = 8 zs = 0 f = 0 IDAT size = 8097 zc = 9 zm = 8 zs = 1 f = 0 zc = 1 zm = 8 zs = 2 f = 0 zc = 9 zm = 8 zs = 3 f = 0 zc = 9 zm = 8 zs = 0 f = 5 zc = 9 zm = 8 zs = 1 f = 5 zc = 1 zm = 8 zs = 2 f = 5 zc = 9 zm = 8 zs = 3 f = 5 Selecting parameters: zc = 9 zm = 8 zs = 0 f = 0 IDAT size = 8097 Output IDAT size = 8097 bytes (2005 bytes decrease) Output file size = 8175 bytes (2788 bytes = 25.43% decrease) ** Processing: /home/hornik/tmp/R.check/r-devel-gcc/Work/PKGS/codebook.Rcheck/vign_test/codebook/vignettes/codebook_tutorial_files/figure-html/cb_codebook_data_C1_distribution-179-1.png 672x576 pixels, 8 bits/pixel, 255 colors in palette Reducing image to 8 bits/pixel, grayscale Input IDAT size = 10297 bytes Input file size = 11164 bytes Trying: zc = 9 zm = 8 zs = 0 f = 0 IDAT size = 8288 zc = 9 zm = 8 zs = 1 f = 0 zc = 1 zm = 8 zs = 2 f = 0 zc = 9 zm = 8 zs = 3 f = 0 zc = 9 zm = 8 zs = 0 f = 5 zc = 9 zm = 8 zs = 1 f = 5 zc = 1 zm = 8 zs = 2 f = 5 zc = 9 zm = 8 zs = 3 f = 5 Selecting parameters: zc = 9 zm = 8 zs = 0 f = 0 IDAT size = 8288 Output IDAT size = 8288 bytes (2009 bytes decrease) Output file size = 8366 bytes (2798 bytes = 25.06% decrease) ** Processing: /home/hornik/tmp/R.check/r-devel-gcc/Work/PKGS/codebook.Rcheck/vign_test/codebook/vignettes/codebook_tutorial_files/figure-html/cb_codebook_data_C2_distribution-192-1.png 672x576 pixels, 8 bits/pixel, 253 colors in palette Reducing image to 8 bits/pixel, grayscale Input IDAT size = 10556 bytes Input file size = 11417 bytes Trying: zc = 9 zm = 8 zs = 0 f = 0 IDAT size = 8622 zc = 9 zm = 8 zs = 1 f = 0 zc = 1 zm = 8 zs = 2 f = 0 zc = 9 zm = 8 zs = 3 f = 0 zc = 9 zm = 8 zs = 0 f = 5 zc = 9 zm = 8 zs = 1 f = 5 zc = 1 zm = 8 zs = 2 f = 5 zc = 9 zm = 8 zs = 3 f = 5 Selecting parameters: zc = 9 zm = 8 zs = 0 f = 0 IDAT size = 8622 Output IDAT size = 8622 bytes (1934 bytes decrease) Output file size = 8700 bytes (2717 bytes = 23.80% decrease) ** Processing: /home/hornik/tmp/R.check/r-devel-gcc/Work/PKGS/codebook.Rcheck/vign_test/codebook/vignettes/codebook_tutorial_files/figure-html/cb_codebook_data_C3_distribution-205-1.png 672x576 pixels, 8 bits/pixel, 255 colors in palette Reducing image to 8 bits/pixel, grayscale Input IDAT size = 10278 bytes Input file size = 11145 bytes Trying: zc = 9 zm = 8 zs = 0 f = 0 IDAT size = 8424 zc = 9 zm = 8 zs = 1 f = 0 zc = 1 zm = 8 zs = 2 f = 0 zc = 9 zm = 8 zs = 3 f = 0 zc = 9 zm = 8 zs = 0 f = 5 zc = 9 zm = 8 zs = 1 f = 5 zc = 1 zm = 8 zs = 2 f = 5 zc = 9 zm = 8 zs = 3 f = 5 Selecting parameters: zc = 9 zm = 8 zs = 0 f = 0 IDAT size = 8424 Output IDAT size = 8424 bytes (1854 bytes decrease) Output file size = 8502 bytes (2643 bytes = 23.71% decrease) ** Processing: /home/hornik/tmp/R.check/r-devel-gcc/Work/PKGS/codebook.Rcheck/vign_test/codebook/vignettes/codebook_tutorial_files/figure-html/cb_codebook_data_C4R_distribution-218-1.png 672x576 pixels, 8 bits/pixel, 255 colors in palette Reducing image to 8 bits/pixel, grayscale Input IDAT size = 11175 bytes Input file size = 12042 bytes Trying: zc = 9 zm = 8 zs = 0 f = 0 IDAT size = 8679 zc = 9 zm = 8 zs = 1 f = 0 zc = 1 zm = 8 zs = 2 f = 0 zc = 9 zm = 8 zs = 3 f = 0 zc = 9 zm = 8 zs = 0 f = 5 zc = 9 zm = 8 zs = 1 f = 5 zc = 1 zm = 8 zs = 2 f = 5 zc = 9 zm = 8 zs = 3 f = 5 Selecting parameters: zc = 9 zm = 8 zs = 0 f = 0 IDAT size = 8679 Output IDAT size = 8679 bytes (2496 bytes decrease) Output file size = 8757 bytes (3285 bytes = 27.28% decrease) ** Processing: /home/hornik/tmp/R.check/r-devel-gcc/Work/PKGS/codebook.Rcheck/vign_test/codebook/vignettes/codebook_tutorial_files/figure-html/cb_codebook_data_C5R_distribution-231-1.png 672x576 pixels, 8 bits/pixel, 254 colors in palette Reducing image to 8 bits/pixel, grayscale Input IDAT size = 10134 bytes Input file size = 10998 bytes Trying: zc = 9 zm = 8 zs = 0 f = 0 IDAT size = 7971 zc = 9 zm = 8 zs = 1 f = 0 zc = 1 zm = 8 zs = 2 f = 0 zc = 9 zm = 8 zs = 3 f = 0 zc = 9 zm = 8 zs = 0 f = 5 zc = 9 zm = 8 zs = 1 f = 5 zc = 1 zm = 8 zs = 2 f = 5 zc = 9 zm = 8 zs = 3 f = 5 Selecting parameters: zc = 9 zm = 8 zs = 0 f = 0 IDAT size = 7971 Output IDAT size = 7971 bytes (2163 bytes decrease) Output file size = 8049 bytes (2949 bytes = 26.81% decrease) ** Processing: /home/hornik/tmp/R.check/r-devel-gcc/Work/PKGS/codebook.Rcheck/vign_test/codebook/vignettes/codebook_tutorial_files/figure-html/cb_codebook_data_N1R_distribution-244-1.png 672x576 pixels, 8 bits/pixel, 255 colors in palette Reducing image to 8 bits/pixel, grayscale Input IDAT size = 10375 bytes Input file size = 11242 bytes Trying: zc = 9 zm = 8 zs = 0 f = 0 IDAT size = 7983 zc = 9 zm = 8 zs = 1 f = 0 zc = 1 zm = 8 zs = 2 f = 0 zc = 9 zm = 8 zs = 3 f = 0 zc = 9 zm = 8 zs = 0 f = 5 zc = 9 zm = 8 zs = 1 f = 5 zc = 1 zm = 8 zs = 2 f = 5 zc = 9 zm = 8 zs = 3 f = 5 Selecting parameters: zc = 9 zm = 8 zs = 0 f = 0 IDAT size = 7983 Output IDAT size = 7983 bytes (2392 bytes decrease) Output file size = 8061 bytes (3181 bytes = 28.30% decrease) ** Processing: /home/hornik/tmp/R.check/r-devel-gcc/Work/PKGS/codebook.Rcheck/vign_test/codebook/vignettes/codebook_tutorial_files/figure-html/cb_codebook_data_N2R_distribution-257-1.png 672x576 pixels, 8 bits/pixel, 255 colors in palette Reducing image to 8 bits/pixel, grayscale Input IDAT size = 10049 bytes Input file size = 10916 bytes Trying: zc = 9 zm = 8 zs = 0 f = 0 IDAT size = 8107 zc = 9 zm = 8 zs = 1 f = 0 zc = 1 zm = 8 zs = 2 f = 0 zc = 9 zm = 8 zs = 3 f = 0 zc = 9 zm = 8 zs = 0 f = 5 zc = 9 zm = 8 zs = 1 f = 5 zc = 1 zm = 8 zs = 2 f = 5 zc = 9 zm = 8 zs = 3 f = 5 Selecting parameters: zc = 9 zm = 8 zs = 0 f = 0 IDAT size = 8107 Output IDAT size = 8107 bytes (1942 bytes decrease) Output file size = 8185 bytes (2731 bytes = 25.02% decrease) ** Processing: /home/hornik/tmp/R.check/r-devel-gcc/Work/PKGS/codebook.Rcheck/vign_test/codebook/vignettes/codebook_tutorial_files/figure-html/cb_codebook_data_N3R_distribution-270-1.png 672x576 pixels, 8 bits/pixel, 255 colors in palette Reducing image to 8 bits/pixel, grayscale Input IDAT size = 10545 bytes Input file size = 11412 bytes Trying: zc = 9 zm = 8 zs = 0 f = 0 IDAT size = 8369 zc = 9 zm = 8 zs = 1 f = 0 zc = 1 zm = 8 zs = 2 f = 0 zc = 9 zm = 8 zs = 3 f = 0 zc = 9 zm = 8 zs = 0 f = 5 zc = 9 zm = 8 zs = 1 f = 5 zc = 1 zm = 8 zs = 2 f = 5 zc = 9 zm = 8 zs = 3 f = 5 Selecting parameters: zc = 9 zm = 8 zs = 0 f = 0 IDAT size = 8369 Output IDAT size = 8369 bytes (2176 bytes decrease) Output file size = 8447 bytes (2965 bytes = 25.98% decrease) ** Processing: /home/hornik/tmp/R.check/r-devel-gcc/Work/PKGS/codebook.Rcheck/vign_test/codebook/vignettes/codebook_tutorial_files/figure-html/cb_codebook_data_N4R_distribution-283-1.png 672x576 pixels, 8 bits/pixel, 253 colors in palette Reducing image to 8 bits/pixel, grayscale Input IDAT size = 10071 bytes Input file size = 10932 bytes Trying: zc = 9 zm = 8 zs = 0 f = 0 IDAT size = 7971 zc = 9 zm = 8 zs = 1 f = 0 zc = 1 zm = 8 zs = 2 f = 0 zc = 9 zm = 8 zs = 3 f = 0 zc = 9 zm = 8 zs = 0 f = 5 zc = 9 zm = 8 zs = 1 f = 5 zc = 1 zm = 8 zs = 2 f = 5 zc = 9 zm = 8 zs = 3 f = 5 Selecting parameters: zc = 9 zm = 8 zs = 0 f = 0 IDAT size = 7971 Output IDAT size = 7971 bytes (2100 bytes decrease) Output file size = 8049 bytes (2883 bytes = 26.37% decrease) ** Processing: /home/hornik/tmp/R.check/r-devel-gcc/Work/PKGS/codebook.Rcheck/vign_test/codebook/vignettes/codebook_tutorial_files/figure-html/cb_codebook_data_N5R_distribution-296-1.png 672x576 pixels, 8 bits/pixel, 256 colors in palette Reducing image to 8 bits/pixel, grayscale Input IDAT size = 10259 bytes Input file size = 11129 bytes Trying: zc = 9 zm = 8 zs = 0 f = 0 IDAT size = 7847 zc = 9 zm = 8 zs = 1 f = 0 zc = 1 zm = 8 zs = 2 f = 0 zc = 9 zm = 8 zs = 3 f = 0 zc = 9 zm = 8 zs = 0 f = 5 zc = 9 zm = 8 zs = 1 f = 5 zc = 1 zm = 8 zs = 2 f = 5 zc = 9 zm = 8 zs = 3 f = 5 Selecting parameters: zc = 9 zm = 8 zs = 0 f = 0 IDAT size = 7847 Output IDAT size = 7847 bytes (2412 bytes decrease) Output file size = 7925 bytes (3204 bytes = 28.79% decrease) ** Processing: /home/hornik/tmp/R.check/r-devel-gcc/Work/PKGS/codebook.Rcheck/vign_test/codebook/vignettes/codebook_tutorial_files/figure-html/cb_codebook_data_gender_distribution-309-1.png 672x576 pixels, 8 bits/pixel, 247 colors in palette Reducing image to 8 bits/pixel, grayscale Input IDAT size = 6423 bytes Input file size = 7254 bytes Trying: zc = 9 zm = 8 zs = 0 f = 0 IDAT size = 4861 zc = 9 zm = 8 zs = 1 f = 0 zc = 1 zm = 8 zs = 2 f = 0 zc = 9 zm = 8 zs = 3 f = 0 zc = 9 zm = 8 zs = 0 f = 5 IDAT size = 4655 zc = 9 zm = 8 zs = 1 f = 5 IDAT size = 4597 zc = 1 zm = 8 zs = 2 f = 5 zc = 9 zm = 8 zs = 3 f = 5 Selecting parameters: zc = 9 zm = 8 zs = 1 f = 5 IDAT size = 4597 Output IDAT size = 4597 bytes (1826 bytes decrease) Output file size = 4675 bytes (2579 bytes = 35.55% decrease) ** Processing: /home/hornik/tmp/R.check/r-devel-gcc/Work/PKGS/codebook.Rcheck/vign_test/codebook/vignettes/codebook_tutorial_files/figure-html/cb_codebook_data_education_distribution-322-1.png 672x576 pixels, 8 bits/pixel, 254 colors in palette Reducing image to 8 bits/pixel, grayscale Input IDAT size = 8786 bytes Input file size = 9650 bytes Trying: zc = 9 zm = 8 zs = 0 f = 0 IDAT size = 7357 zc = 9 zm = 8 zs = 1 f = 0 zc = 1 zm = 8 zs = 2 f = 0 zc = 9 zm = 8 zs = 3 f = 0 zc = 9 zm = 8 zs = 0 f = 5 zc = 9 zm = 8 zs = 1 f = 5 zc = 1 zm = 8 zs = 2 f = 5 zc = 9 zm = 8 zs = 3 f = 5 Selecting parameters: zc = 9 zm = 8 zs = 0 f = 0 IDAT size = 7357 Output IDAT size = 7357 bytes (1429 bytes decrease) Output file size = 7435 bytes (2215 bytes = 22.95% decrease) ** Processing: /home/hornik/tmp/R.check/r-devel-gcc/Work/PKGS/codebook.Rcheck/vign_test/codebook/vignettes/codebook_tutorial_files/figure-html/cb_codebook_data_age_distribution-335-1.png 672x576 pixels, 8 bits/pixel, 255 colors in palette Reducing image to 8 bits/pixel, grayscale Input IDAT size = 6139 bytes Input file size = 6994 bytes Trying: zc = 9 zm = 8 zs = 0 f = 0 IDAT size = 4687 zc = 9 zm = 8 zs = 1 f = 0 zc = 1 zm = 8 zs = 2 f = 0 zc = 9 zm = 8 zs = 3 f = 0 zc = 9 zm = 8 zs = 0 f = 5 zc = 9 zm = 8 zs = 1 f = 5 zc = 1 zm = 8 zs = 2 f = 5 zc = 9 zm = 8 zs = 3 f = 5 Selecting parameters: zc = 9 zm = 8 zs = 0 f = 0 IDAT size = 4687 Output IDAT size = 4687 bytes (1452 bytes decrease) Output file size = 4765 bytes (2229 bytes = 31.87% decrease) --- finished re-building ‘codebook_tutorial.Rmd’ SUMMARY: processing the following file failed: ‘codebook_sav.Rmd’ Error: Vignette re-building failed. Execution halted Flavor: r-devel-linux-x86_64-debian-gcc

Version: 0.9.2
Check: dependencies in R code
Result: NOTE Namespaces in Imports field not imported from: ‘graphics’ ‘jsonlite’ ‘rlang’ ‘tidyselect’ ‘vctrs’ All declared Imports should be used. Flavors: r-devel-linux-x86_64-fedora-clang, r-devel-linux-x86_64-fedora-gcc

Version: 0.9.2
Check: data for non-ASCII characters
Result: NOTE Note: found 65 marked UTF-8 strings Flavors: r-devel-linux-x86_64-fedora-clang, r-devel-linux-x86_64-fedora-gcc