CRAN Package Check Results for Package cofad

Last updated on 2022-01-21 13:51:41 CET.

Flavor Version Tinstall Tcheck Ttotal Status Flags
r-devel-linux-x86_64-debian-clang 0.1.1 1.95 35.26 37.21 NOTE
r-devel-linux-x86_64-debian-gcc 0.1.1 1.89 28.06 29.95 NOTE
r-devel-linux-x86_64-fedora-clang 0.1.1 47.71 NOTE
r-devel-linux-x86_64-fedora-gcc 0.1.1 37.03 NOTE
r-devel-windows-x86_64-new-UL 0.1.1 19.00 57.00 76.00 NOTE
r-devel-windows-x86_64-new-TK 0.1.1 NOTE
r-patched-linux-x86_64 0.1.1 2.49 33.79 36.28 NOTE
r-release-linux-x86_64 0.1.1 1.94 34.49 36.43 NOTE
r-release-macos-arm64 0.1.1 NOTE
r-release-macos-x86_64 0.1.1 NOTE
r-release-windows-ix86+x86_64 0.1.1 5.00 44.00 49.00 NOTE
r-oldrel-macos-x86_64 0.1.1 OK
r-oldrel-windows-ix86+x86_64 0.1.1 6.00 44.00 50.00 OK

Check Details

Version: 0.1.1
Check: LazyData
Result: NOTE
     'LazyData' is specified without a 'data' directory
Flavors: r-devel-linux-x86_64-debian-clang, r-devel-linux-x86_64-debian-gcc, r-devel-linux-x86_64-fedora-clang, r-devel-linux-x86_64-fedora-gcc, r-devel-windows-x86_64-new-UL, r-devel-windows-x86_64-new-TK, r-patched-linux-x86_64, r-release-linux-x86_64, r-release-macos-arm64, r-release-macos-x86_64, r-release-windows-ix86+x86_64