Last updated on 2021-03-07 13:47:33 CET.
Flavor | Version | Tinstall | Tcheck | Ttotal | Status | Flags |
---|---|---|---|---|---|---|
r-devel-linux-x86_64-debian-clang | 0.1.4 | 11.69 | 101.75 | 113.44 | OK | |
r-devel-linux-x86_64-debian-gcc | 0.1.4 | 8.96 | 76.04 | 85.00 | OK | |
r-devel-linux-x86_64-fedora-clang | 0.1.4 | 144.04 | OK | |||
r-devel-linux-x86_64-fedora-gcc | 0.1.4 | 131.03 | OK | |||
r-devel-windows-ix86+x86_64 | 0.1.4 | 31.00 | 123.00 | 154.00 | OK | |
r-devel-windows-x86_64-gcc10-UCRT | 0.1.4 | ERROR | ||||
r-patched-linux-x86_64 | 0.1.4 | 11.79 | 92.30 | 104.09 | OK | |
r-release-linux-x86_64 | 0.1.4 | 10.19 | 91.99 | 102.18 | OK | |
r-release-macos-x86_64 | 0.1.4 | OK | ||||
r-release-windows-ix86+x86_64 | 0.1.4 | 20.00 | 89.00 | 109.00 | OK | |
r-oldrel-macos-x86_64 | 0.1.4 | OK | ||||
r-oldrel-windows-ix86+x86_64 | 0.1.4 | 20.00 | 95.00 | 115.00 | OK |
Version: 0.1.4
Check: package dependencies
Result: ERROR
Package required but not available: 'DiagrammeRsvg'
See section 'The DESCRIPTION file' in the 'Writing R Extensions'
manual.
Flavor: r-devel-windows-x86_64-gcc10-UCRT