CRAN Package Check Results for Package cold

Last updated on 2022-01-16 22:51:08 CET.

Flavor Version Tinstall Tcheck Ttotal Status Flags
r-devel-linux-x86_64-debian-clang 2.0-3 15.24 86.06 101.30 OK
r-devel-linux-x86_64-debian-gcc 2.0-3 10.38 69.41 79.79 OK
r-devel-linux-x86_64-fedora-clang 2.0-3 122.86 OK
r-devel-linux-x86_64-fedora-gcc 2.0-3 113.04 OK
r-devel-windows-x86_64-new-UL 2.0-3 90.00 113.00 203.00 OK
r-devel-windows-x86_64-new-TK 2.0-3 OK
r-patched-linux-x86_64 2.0-3 12.28 85.51 97.79 OK
r-release-linux-x86_64 2.0-3 OK
r-release-macos-arm64 2.0-3 OK
r-release-macos-x86_64 2.0-3 WARN
r-release-windows-ix86+x86_64 2.0-3 44.00 151.00 195.00 OK
r-oldrel-macos-x86_64 2.0-3 WARN
r-oldrel-windows-ix86+x86_64 2.0-3 45.00 151.00 196.00 OK

Check Details

Version: 2.0-3
Check: whether package can be installed
Result: WARN
    Found the following significant warnings:
     Warning: control reaches end of non-void function [-Wreturn-type]
Flavors: r-release-macos-x86_64, r-oldrel-macos-x86_64