CRAN Package Check Results for Package collapse

Last updated on 2022-11-29 07:53:52 CET.

Flavor Version Tinstall Tcheck Ttotal Status Flags
r-devel-linux-x86_64-debian-clang 1.8.9 232.51 349.08 581.59 OK
r-devel-linux-x86_64-debian-gcc 1.8.9 176.15 255.39 431.54 OK
r-devel-linux-x86_64-fedora-clang 1.8.9 859.21 OK
r-devel-linux-x86_64-fedora-gcc 1.8.9 839.63 OK
r-devel-windows-x86_64 1.8.9 302.00 415.00 717.00 OK
r-patched-linux-x86_64 1.8.9 211.23 325.73 536.96 OK
r-release-linux-x86_64 1.8.9 205.79 322.76 528.55 OK
r-release-macos-arm64 1.8.9 172.00 NOTE
r-release-macos-x86_64 1.8.9 250.00 NOTE
r-release-windows-x86_64 1.8.9 286.00 416.00 702.00 OK
r-oldrel-macos-arm64 1.8.9 158.00 NOTE
r-oldrel-macos-x86_64 1.8.9 246.00 NOTE
r-oldrel-windows-ix86+x86_64 1.8.9 518.00 650.00 1168.00 WARN

Check Details

Version: 1.8.9
Check: installed package size
Result: NOTE
     installed size is 13.1Mb
     sub-directories of 1Mb or more:
     libs 10.7Mb
Flavors: r-release-macos-arm64, r-release-macos-x86_64, r-oldrel-macos-arm64, r-oldrel-macos-x86_64, r-oldrel-windows-ix86+x86_64

Version: 1.8.9
Check: for unstated dependencies in ‘tests’
Result: WARN
    Warning: unable to access index for repository https://bioconductor.org/packages/3.14/bioc/src/contrib:
     cannot open URL 'https://bioconductor.org/packages/3.14/bioc/src/contrib/PACKAGES'
    Warning: unable to access index for repository https://bioconductor.org/packages/3.14/data/annotation/src/contrib:
     cannot open URL 'https://bioconductor.org/packages/3.14/data/annotation/src/contrib/PACKAGES'
    Warning: unable to access index for repository https://bioconductor.org/packages/3.14/data/experiment/src/contrib:
     cannot open URL 'https://bioconductor.org/packages/3.14/data/experiment/src/contrib/PACKAGES'
Flavor: r-oldrel-windows-ix86+x86_64