CRAN Package Check Results for Package collapse

Last updated on 2022-05-17 21:50:43 CEST.

Flavor Version Tinstall Tcheck Ttotal Status Flags
r-devel-linux-x86_64-debian-clang 1.7.6 284.85 316.16 601.01 OK
r-devel-linux-x86_64-debian-gcc 1.7.6 253.55 228.99 482.54 OK
r-devel-linux-x86_64-fedora-clang 1.7.6 799.98 NOTE
r-devel-linux-x86_64-fedora-gcc 1.7.6 755.10 OK
r-devel-windows-x86_64 1.7.6 332.00 357.00 689.00 OK
r-patched-linux-x86_64 1.7.6 259.23 290.29 549.52 OK
r-release-linux-x86_64 1.7.6 271.66 297.48 569.14 OK
r-release-macos-arm64 1.7.6 162.00 NOTE
r-release-macos-x86_64 1.7.6 245.00 NOTE
r-release-windows-x86_64 1.7.6 359.00 353.00 712.00 OK
r-oldrel-macos-arm64 1.7.6 168.00 NOTE
r-oldrel-macos-x86_64 1.7.6 228.00 NOTE
r-oldrel-windows-ix86+x86_64 1.7.6 631.00 577.00 1208.00 NOTE

Check Details

Version: 1.7.6
Check: installed package size
Result: NOTE
     installed size is 13.8Mb
     sub-directories of 1Mb or more:
     libs 11.5Mb
Flavors: r-devel-linux-x86_64-fedora-clang, r-release-macos-arm64, r-release-macos-x86_64, r-oldrel-macos-arm64, r-oldrel-macos-x86_64, r-oldrel-windows-ix86+x86_64