CRAN Package Check Results for Package collpcm

Last updated on 2019-07-22 06:47:35 CEST.

Flavor Version Tinstall Tcheck Ttotal Status Flags
r-devel-linux-x86_64-debian-clang 1.0 13.81 76.37 90.18 OK
r-devel-linux-x86_64-debian-gcc 1.0 9.12 60.28 69.40 OK
r-devel-linux-x86_64-fedora-clang 1.0 105.05 OK
r-devel-linux-x86_64-fedora-gcc 1.0 101.12 OK
r-devel-windows-ix86+x86_64 1.0 32.00 160.00 192.00 OK
r-patched-linux-x86_64 1.0 11.97 73.47 85.44 OK
r-patched-solaris-x86 1.0 168.10 WARN
r-release-linux-x86_64 1.0 9.90 74.13 84.03 OK
r-release-windows-ix86+x86_64 1.0 30.00 116.00 146.00 OK
r-release-osx-x86_64 1.0 OK
r-oldrel-windows-ix86+x86_64 1.0 39.00 111.00 150.00 OK
r-oldrel-osx-x86_64 1.0 OK

Check Details

Version: 1.0
Check: whether package can be installed
Result: WARN
    Found the following significant warnings:
     "collapsed_lpcm.c", line 74: warning: improper pointer/integer combination: op ">"
Flavor: r-patched-solaris-x86