CRAN Package Check Results for Package coloc

Last updated on 2020-11-29 05:47:17 CET.

Flavor Version Tinstall Tcheck Ttotal Status Flags
r-devel-linux-x86_64-debian-clang 3.2-1 20.33 148.62 168.95 OK
r-devel-linux-x86_64-debian-gcc 3.2-1 15.50 110.25 125.75 OK
r-devel-linux-x86_64-fedora-clang 3.2-1 203.00 NOTE
r-devel-linux-x86_64-fedora-gcc 3.2-1 194.17 NOTE
r-devel-windows-ix86+x86_64 3.2-1 38.00 166.00 204.00 OK
r-patched-linux-x86_64 3.2-1 15.80 138.81 154.61 OK
r-patched-solaris-x86 3.2-1 265.20 NOTE
r-release-linux-x86_64 3.2-1 16.78 139.10 155.88 OK
r-release-macos-x86_64 3.2-1 NOTE
r-release-windows-ix86+x86_64 3.2-1 30.00 133.00 163.00 OK
r-oldrel-macos-x86_64 3.2-1 NOTE
r-oldrel-windows-ix86+x86_64 3.2-1 26.00 166.00 192.00 OK

Check Details

Version: 3.2-1
Check: dependencies in R code
Result: NOTE
    Namespace in Imports field not imported from: ‘data.table’
     All declared Imports should be used.
Flavors: r-devel-linux-x86_64-fedora-clang, r-devel-linux-x86_64-fedora-gcc, r-patched-solaris-x86, r-release-macos-x86_64, r-oldrel-macos-x86_64