CRAN Package Check Results for Package colocr

Last updated on 2022-10-04 17:52:39 CEST.

Flavor Version Tinstall Tcheck Ttotal Status Flags
r-devel-linux-x86_64-debian-clang 0.1.1 5.03 209.77 214.80 NOTE
r-devel-linux-x86_64-debian-gcc 0.1.1 4.39 150.32 154.71 NOTE
r-devel-linux-x86_64-fedora-clang 0.1.1 279.97 NOTE
r-devel-linux-x86_64-fedora-gcc 0.1.1 258.40 NOTE
r-devel-windows-x86_64 0.1.1 17.00 270.00 287.00 NOTE
r-patched-linux-x86_64 0.1.1 10.42 200.27 210.69 NOTE
r-release-linux-x86_64 0.1.1 5.66 205.34 211.00 NOTE
r-release-macos-arm64 0.1.1 70.00 NOTE
r-release-macos-x86_64 0.1.1 136.00 NOTE
r-release-windows-x86_64 0.1.1 28.00 261.00 289.00 NOTE
r-oldrel-macos-arm64 0.1.1 84.00 NOTE
r-oldrel-macos-x86_64 0.1.1 156.00 NOTE
r-oldrel-windows-ix86+x86_64 0.1.1 16.00 268.00 284.00 NOTE

Check Details

Version: 0.1.1
Check: LazyData
Result: NOTE
     'LazyData' is specified without a 'data' directory
Flavors: r-devel-linux-x86_64-debian-clang, r-devel-linux-x86_64-debian-gcc, r-devel-linux-x86_64-fedora-clang, r-devel-linux-x86_64-fedora-gcc, r-devel-windows-x86_64, r-patched-linux-x86_64, r-release-linux-x86_64, r-release-macos-arm64, r-release-macos-x86_64, r-release-windows-x86_64, r-oldrel-macos-arm64, r-oldrel-macos-x86_64, r-oldrel-windows-ix86+x86_64