CRAN Package Check Results for Package colorSpec

Last updated on 2020-02-27 20:48:21 CET.

Flavor Version Tinstall Tcheck Ttotal Status Flags
r-devel-linux-x86_64-debian-clang 1.1-1 4.51 273.34 277.85 OK
r-devel-linux-x86_64-debian-gcc 1.1-1 3.64 215.25 218.89 OK
r-devel-linux-x86_64-fedora-clang 1.1-1 336.91 NOTE
r-devel-linux-x86_64-fedora-gcc 1.1-1 340.54 OK
r-devel-windows-ix86+x86_64 1.1-1 11.00 230.00 241.00 NOTE
r-devel-windows-ix86+x86_64-gcc8 1.1-1 12.00 237.00 249.00 NOTE
r-patched-linux-x86_64 1.1-1 3.49 256.06 259.55 OK
r-patched-solaris-x86 1.1-1 255.80 NOTE
r-release-linux-x86_64 1.1-1 4.11 253.80 257.91 OK
r-release-windows-ix86+x86_64 1.1-1 11.00 213.00 224.00 NOTE
r-release-osx-x86_64 1.1-1 NOTE
r-oldrel-windows-ix86+x86_64 1.1-1 7.00 187.00 194.00 NOTE
r-oldrel-osx-x86_64 1.1-1 NOTE

Check Details

Version: 1.1-1
Check: installed package size
Result: NOTE
     installed size is 5.5Mb
     sub-directories of 1Mb or more:
     doc 2.6Mb
     extdata 2.1Mb
Flavors: r-devel-linux-x86_64-fedora-clang, r-devel-windows-ix86+x86_64, r-devel-windows-ix86+x86_64-gcc8, r-patched-solaris-x86, r-release-windows-ix86+x86_64, r-release-osx-x86_64, r-oldrel-windows-ix86+x86_64, r-oldrel-osx-x86_64

Version: 1.1-1
Check: dependencies in R code
Result: NOTE
    No protocol specified
Flavors: r-release-osx-x86_64, r-oldrel-osx-x86_64