CRAN Package Check Results for Package colorpatch

Last updated on 2019-09-23 20:47:30 CEST.

Flavor Version Tinstall Tcheck Ttotal Status Flags
r-devel-linux-x86_64-debian-clang 0.1.2 4.60 44.33 48.93 OK
r-devel-linux-x86_64-debian-gcc 0.1.2 3.68 35.36 39.04 OK
r-devel-linux-x86_64-fedora-clang 0.1.2 58.86 NOTE
r-devel-linux-x86_64-fedora-gcc 0.1.2 57.80 NOTE
r-devel-windows-ix86+x86_64 0.1.2 21.00 84.00 105.00 OK
r-patched-linux-x86_64 0.1.2 4.41 42.99 47.40 OK
r-patched-solaris-x86 0.1.2 84.00 NOTE
r-release-linux-x86_64 0.1.2 3.40 43.67 47.07 OK
r-release-windows-ix86+x86_64 0.1.2 17.00 86.00 103.00 OK
r-release-osx-x86_64 0.1.2 NOTE
r-oldrel-windows-ix86+x86_64 0.1.2 5.00 61.00 66.00 OK
r-oldrel-osx-x86_64 0.1.2 NOTE

Check Details

Version: 0.1.2
Check: dependencies in R code
Result: NOTE
    Namespaces in Imports field not imported from:
     ‘grid’ ‘gridExtra’
     All declared Imports should be used.
Flavors: r-devel-linux-x86_64-fedora-clang, r-devel-linux-x86_64-fedora-gcc, r-patched-solaris-x86, r-release-osx-x86_64, r-oldrel-osx-x86_64