CRAN Package Check Results for Package colorpatch

Last updated on 2020-07-09 21:48:24 CEST.

Flavor Version Tinstall Tcheck Ttotal Status Flags
r-devel-linux-x86_64-debian-clang 0.1.2 4.84 50.57 55.41 OK
r-devel-linux-x86_64-debian-gcc 0.1.2 3.49 39.17 42.66 OK
r-devel-linux-x86_64-fedora-clang 0.1.2 73.52 NOTE
r-devel-linux-x86_64-fedora-gcc 0.1.2 65.41 NOTE
r-devel-windows-ix86+x86_64 0.1.2 12.00 69.00 81.00 OK
r-patched-linux-x86_64 0.1.2 4.81 49.44 54.25 OK
r-patched-solaris-x86 0.1.2 90.00 NOTE
r-release-linux-x86_64 0.1.2 4.32 48.98 53.30 OK
r-release-osx-x86_64 0.1.2 NOTE
r-release-windows-ix86+x86_64 0.1.2 11.00 67.00 78.00 OK
r-oldrel-osx-x86_64 0.1.2 NOTE
r-oldrel-windows-ix86+x86_64 0.1.2 13.00 62.00 75.00 OK

Check Details

Version: 0.1.2
Check: dependencies in R code
Result: NOTE
    Namespaces in Imports field not imported from:
     ‘grid’ ‘gridExtra’
     All declared Imports should be used.
Flavors: r-devel-linux-x86_64-fedora-clang, r-devel-linux-x86_64-fedora-gcc, r-patched-solaris-x86, r-release-osx-x86_64, r-oldrel-osx-x86_64