CRAN Package Check Results for Package colorspace

Last updated on 2019-11-19 06:48:23 CET.

Flavor Version Tinstall Tcheck Ttotal Status Flags
r-devel-linux-x86_64-debian-clang 1.4-1 9.38 81.75 91.13 NOTE
r-devel-linux-x86_64-debian-gcc 1.4-1 9.13 64.57 73.70 NOTE
r-devel-linux-x86_64-fedora-clang 1.4-1 109.96 NOTE
r-devel-linux-x86_64-fedora-gcc 1.4-1 109.01 NOTE
r-devel-windows-ix86+x86_64 1.4-1 7.00 7.00 14.00 ERROR
r-patched-linux-x86_64 1.4-1 8.06 77.31 85.37 OK
r-patched-solaris-x86 1.4-1 150.20 OK
r-release-linux-x86_64 1.4-1 7.86 76.62 84.48 OK
r-release-windows-ix86+x86_64 1.4-1 26.00 121.00 147.00 OK
r-release-osx-x86_64 1.4-1 OK
r-oldrel-windows-ix86+x86_64 1.4-1 33.00 111.00 144.00 OK
r-oldrel-osx-x86_64 1.4-1 OK

Check Details

Version: 1.4-1
Check: for non-standard things in the check directory
Result: NOTE
    Found the following files/directories:
     'random.txt'
Flavors: r-devel-linux-x86_64-debian-clang, r-devel-linux-x86_64-debian-gcc, r-devel-linux-x86_64-fedora-clang, r-devel-linux-x86_64-fedora-gcc

Version: 1.4-1
Check: whether package can be installed
Result: ERROR
    Installation failed.
Flavor: r-devel-windows-ix86+x86_64