CRAN Package Check Results for Package commonsMath

Last updated on 2020-02-19 21:46:31 CET.

Flavor Version Tinstall Tcheck Ttotal Status Flags
r-devel-linux-x86_64-debian-clang 1.2.5 2.12 126.47 128.59 OK
r-devel-linux-x86_64-debian-gcc 1.2.5 1.65 97.87 99.52 OK
r-devel-linux-x86_64-fedora-clang 1.2.5 143.04 OK
r-devel-linux-x86_64-fedora-gcc 1.2.5 143.22 OK
r-devel-windows-ix86+x86_64 1.2.5 9.00 37.00 46.00 OK
r-devel-windows-ix86+x86_64-gcc8 1.2.4 10.00 89.00 99.00 ERROR
r-patched-linux-x86_64 1.2.5 1.45 120.25 121.70 OK
r-patched-solaris-x86 1.2.5 43.90 NOTE
r-release-linux-x86_64 1.2.5 1.67 121.68 123.35 OK
r-release-windows-ix86+x86_64 1.2.5 6.00 136.00 142.00 OK
r-release-osx-x86_64 1.2.5 OK
r-oldrel-windows-ix86+x86_64 1.2.5 6.00 169.00 175.00 OK
r-oldrel-osx-x86_64 1.2.5 OK

Check Details

Version: 1.2.4
Check: tests
Result: ERROR
     Running 'testthat.R' [24s]
    Running the tests in 'tests/testthat.R' failed.
    Complete output:
     > library(testthat)
     > library(commonsMath)
     >
     > test_check("commonsMath")
     Starting instance. ********************************
     trying URL 'https://downloads.lightbend.com/scala/2.13.1/scala-2.13.1.tgz'
     Content type 'application/octet-stream' length 19685743 bytes (18.8 MB)
     ==================================================
     downloaded 18.8 MB
    
     -- 1. Error: sample function (@tests-transcompile.R#26) -----------------------
    
    
     <<<<<<<<<<
     <<<<<<<<<<
     <<<<<<<<<<
    
     Scala is not found! Please run 'rscala::scalaConfig(download="scala")'
    
     >>>>>>>>>>
     >>>>>>>>>>
     >>>>>>>>>>
    
     Backtrace:
     1. commonsMath:::myExpectLength(function() sample(c(3, 2, 1)))
     2. rscala:::`^.rscalaBridge`(s, f)
     3. rscala:::scalaConnect(details)
    
     -- 2. Error: special functions (@tests-transcompile.R#43) ---------------------
    
    
     <<<<<<<<<<
     <<<<<<<<<<
     <<<<<<<<<<
    
     Scala is not found! Please run 'rscala::scalaConfig(download="scala")'
    
     >>>>>>>>>>
     >>>>>>>>>>
     >>>>>>>>>>
    
     Backtrace:
     1. commonsMath:::myExpect(...)
     2. rscala:::`^.rscalaBridge`(s, f)
     3. rscala:::scalaConnect(details)
    
     -- 3. Error: uniform distribution (@tests-transcompile.R#91) ------------------
    
    
     <<<<<<<<<<
     <<<<<<<<<<
     <<<<<<<<<<
    
     Scala is not found! Please run 'rscala::scalaConfig(download="scala")'
    
     >>>>>>>>>>
     >>>>>>>>>>
     >>>>>>>>>>
    
     Backtrace:
     1. commonsMath:::myExpect(...)
     2. rscala:::`^.rscalaBridge`(s, f)
     3. rscala:::scalaConnect(details)
    
     -- 4. Error: normal distribution (@tests-transcompile.R#103) ------------------
    
    
     <<<<<<<<<<
     <<<<<<<<<<
     <<<<<<<<<<
    
     Scala is not found! Please run 'rscala::scalaConfig(download="scala")'
    
     >>>>>>>>>>
     >>>>>>>>>>
     >>>>>>>>>>
    
     Backtrace:
     1. commonsMath:::myExpect(...)
     2. rscala:::`^.rscalaBridge`(s, f)
     3. rscala:::scalaConnect(details)
    
     -- 5. Error: gamma distribution (@tests-transcompile.R#115) -------------------
    
    
     <<<<<<<<<<
     <<<<<<<<<<
     <<<<<<<<<<
    
     Scala is not found! Please run 'rscala::scalaConfig(download="scala")'
    
     >>>>>>>>>>
     >>>>>>>>>>
     >>>>>>>>>>
    
     Backtrace:
     1. commonsMath:::myExpect(...)
     2. rscala:::`^.rscalaBridge`(s, f)
     3. rscala:::scalaConnect(details)
    
     -- 6. Error: exponential distribution (@tests-transcompile.R#127) -------------
    
    
     <<<<<<<<<<
     <<<<<<<<<<
     <<<<<<<<<<
    
     Scala is not found! Please run 'rscala::scalaConfig(download="scala")'
    
     >>>>>>>>>>
     >>>>>>>>>>
     >>>>>>>>>>
    
     Backtrace:
     1. commonsMath:::myExpect(...)
     2. rscala:::`^.rscalaBridge`(s, f)
     3. rscala:::scalaConnect(details)
    
     -- 7. Error: beta distribution (@tests-transcompile.R#139) --------------------
    
    
     <<<<<<<<<<
     <<<<<<<<<<
     <<<<<<<<<<
    
     Scala is not found! Please run 'rscala::scalaConfig(download="scala")'
    
     >>>>>>>>>>
     >>>>>>>>>>
     >>>>>>>>>>
    
     Backtrace:
     1. commonsMath:::myExpect(...)
     2. rscala:::`^.rscalaBridge`(s, f)
     3. rscala:::scalaConnect(details)
    
     -- 8. Error: t distribution (@tests-transcompile.R#151) -----------------------
    
    
     <<<<<<<<<<
     <<<<<<<<<<
     <<<<<<<<<<
    
     Scala is not found! Please run 'rscala::scalaConfig(download="scala")'
    
     >>>>>>>>>>
     >>>>>>>>>>
     >>>>>>>>>>
    
     Backtrace:
     1. commonsMath:::myExpect(...)
     2. rscala:::`^.rscalaBridge`(s, f)
     3. rscala:::scalaConnect(details)
    
     -- 9. Error: chi squared distribution (@tests-transcompile.R#163) -------------
    
    
     <<<<<<<<<<
     <<<<<<<<<<
     <<<<<<<<<<
    
     Scala is not found! Please run 'rscala::scalaConfig(download="scala")'
    
     >>>>>>>>>>
     >>>>>>>>>>
     >>>>>>>>>>
    
     Backtrace:
     1. commonsMath:::myExpect(...)
     2. rscala:::`^.rscalaBridge`(s, f)
     3. rscala:::scalaConnect(details)
    
     -- 10. Error: F distribution (@tests-transcompile.R#175) ----------------------
    
    
     <<<<<<<<<<
     <<<<<<<<<<
     <<<<<<<<<<
    
     Scala is not found! Please run 'rscala::scalaConfig(download="scala")'
    
     >>>>>>>>>>
     >>>>>>>>>>
     >>>>>>>>>>
    
     Backtrace:
     1. commonsMath:::myExpect(...)
     2. rscala:::`^.rscalaBridge`(s, f)
     3. rscala:::scalaConnect(details)
    
     -- 11. Error: geometric distribution (@tests-transcompile.R#187) --------------
    
    
     <<<<<<<<<<
     <<<<<<<<<<
     <<<<<<<<<<
    
     Scala is not found! Please run 'rscala::scalaConfig(download="scala")'
    
     >>>>>>>>>>
     >>>>>>>>>>
     >>>>>>>>>>
    
     Backtrace:
     1. commonsMath:::myExpect(...)
     2. rscala:::`^.rscalaBridge`(s, f)
     3. rscala:::scalaConnect(details)
    
     -- 12. Error: binomial distribution (@tests-transcompile.R#199) ---------------
    
    
     <<<<<<<<<<
     <<<<<<<<<<
     <<<<<<<<<<
    
     Scala is not found! Please run 'rscala::scalaConfig(download="scala")'
    
     >>>>>>>>>>
     >>>>>>>>>>
     >>>>>>>>>>
    
     Backtrace:
     1. commonsMath:::myExpect(...)
     2. rscala:::`^.rscalaBridge`(s, f)
     3. rscala:::scalaConnect(details)
    
     -- 13. Error: negative binomial distribution (@tests-transcompile.R#211) ------
    
    
     <<<<<<<<<<
     <<<<<<<<<<
     <<<<<<<<<<
    
     Scala is not found! Please run 'rscala::scalaConfig(download="scala")'
    
     >>>>>>>>>>
     >>>>>>>>>>
     >>>>>>>>>>
    
     Backtrace:
     1. commonsMath:::myExpect(...)
     2. rscala:::`^.rscalaBridge`(s, f)
     3. rscala:::scalaConnect(details)
    
     -- 14. Error: poisson distribution (@tests-transcompile.R#223) ----------------
    
    
     <<<<<<<<<<
     <<<<<<<<<<
     <<<<<<<<<<
    
     Scala is not found! Please run 'rscala::scalaConfig(download="scala")'
    
     >>>>>>>>>>
     >>>>>>>>>>
     >>>>>>>>>>
    
     Backtrace:
     1. commonsMath:::myExpect(...)
     2. rscala:::`^.rscalaBridge`(s, f)
     3. rscala:::scalaConnect(details)
    
     == testthat results ===========================================================
     [ OK: 0 | SKIPPED: 0 | WARNINGS: 0 | FAILED: 14 ]
     1. Error: sample function (@tests-transcompile.R#26)
     2. Error: special functions (@tests-transcompile.R#43)
     3. Error: uniform distribution (@tests-transcompile.R#91)
     4. Error: normal distribution (@tests-transcompile.R#103)
     5. Error: gamma distribution (@tests-transcompile.R#115)
     6. Error: exponential distribution (@tests-transcompile.R#127)
     7. Error: beta distribution (@tests-transcompile.R#139)
     8. Error: t distribution (@tests-transcompile.R#151)
     9. Error: chi squared distribution (@tests-transcompile.R#163)
     1. ...
    
     Error: testthat unit tests failed
     Stopping instance. **************************
     Execution halted
Flavor: r-devel-windows-ix86+x86_64-gcc8

Version: 1.2.4
Check: re-building of vignette outputs
Result: WARN
    Error(s) in re-building vignettes:
    --- re-building 'commonsMath.Rmd' using rmarkdown
    trying URL 'https://downloads.lightbend.com/scala/2.13.1/scala-2.13.1.tgz'
    Content type 'application/octet-stream' length 19685743 bytes (18.8 MB)
    ==================================================
    downloaded 18.8 MB
    
    Quitting from lines 32-37 (commonsMath.Rmd)
    Error: processing vignette 'commonsMath.Rmd' failed with diagnostics:
    Error in scalaConfig(FALSE):
    
    <<<<<<<<<<
    <<<<<<<<<<
    <<<<<<<<<<
    
    Scala is not found! Please run 'rscala::scalaConfig(download="scala")'
    
    >>>>>>>>>>
    >>>>>>>>>>
    >>>>>>>>>>
    
    
    --- failed re-building 'commonsMath.Rmd'
    
    SUMMARY: processing the following file failed:
     'commonsMath.Rmd'
    
    Error: Vignette re-building failed.
    Execution halted
Flavor: r-devel-windows-ix86+x86_64-gcc8

Version: 1.2.5
Check: package dependencies
Result: NOTE
    Package suggested but not available for checking: ‘rscala’
Flavor: r-patched-solaris-x86