CRAN Package Check Results for Package comorbidity

Last updated on 2019-11-18 16:46:26 CET.

Flavor Version Tinstall Tcheck Ttotal Status Flags
r-devel-linux-x86_64-debian-clang 0.5.2 5.03 390.54 395.57 OK
r-devel-linux-x86_64-debian-gcc 0.5.2 4.34 672.27 676.61 ERROR
r-devel-linux-x86_64-fedora-clang 0.5.2 288.08 OK
r-devel-linux-x86_64-fedora-gcc 0.5.2 248.47 OK
r-devel-windows-ix86+x86_64 0.5.2 15.00 204.00 219.00 OK
r-patched-linux-x86_64 0.5.2 4.27 379.32 383.59 OK
r-patched-solaris-x86 0.5.2 229.70 OK
r-release-linux-x86_64 0.5.2 4.59 379.85 384.44 OK
r-release-windows-ix86+x86_64 0.5.2 9.00 204.00 213.00 OK
r-release-osx-x86_64 0.5.2 OK
r-oldrel-windows-ix86+x86_64 0.5.2 10.00 157.00 167.00 OK
r-oldrel-osx-x86_64 0.5.2 OK

Check Details

Version: 0.5.2
Check: tests
Result: ERROR
     Running ‘testthat.R’ [11m/11m]
    Running the tests in ‘tests/testthat.R’ failed.
    Complete output:
     > library(testthat)
     > library(comorbidity)
     >
     > test_check("comorbidity")
     Killed
Flavor: r-devel-linux-x86_64-debian-gcc