Last updated on 2022-06-26 00:51:33 CEST.
Flavor | Version | Tinstall | Tcheck | Ttotal | Status | Flags |
---|---|---|---|---|---|---|
r-devel-linux-x86_64-debian-clang | 4.5.1 | 19.37 | 233.09 | 252.46 | NOTE | |
r-devel-linux-x86_64-debian-gcc | 4.5.1 | 22.60 | 168.13 | 190.73 | NOTE | |
r-devel-linux-x86_64-fedora-clang | 4.5.1 | 319.07 | NOTE | |||
r-devel-linux-x86_64-fedora-gcc | 4.5.1 | 308.69 | NOTE | |||
r-devel-windows-x86_64 | 4.5.1 | 121.00 | 261.00 | 382.00 | NOTE | |
r-patched-linux-x86_64 | 4.5.1 | 23.73 | 219.15 | 242.88 | OK | |
r-release-linux-x86_64 | 4.5.1 | 20.13 | 217.09 | 237.22 | OK | |
r-release-macos-arm64 | 4.5.1 | 79.00 | OK | |||
r-release-macos-x86_64 | 4.5.1 | 137.00 | OK | |||
r-release-windows-x86_64 | 4.5.1 | 202.00 | 273.00 | 475.00 | OK | |
r-oldrel-macos-arm64 | 4.5.1 | 89.00 | OK | |||
r-oldrel-macos-x86_64 | 4.5.1 | 137.00 | OK | |||
r-oldrel-windows-ix86+x86_64 | 4.5.1 | 52.00 | 276.00 | 328.00 | OK |
Version: 4.5.1
Check: Rd files
Result: NOTE
checkRd: (-1) compareGroups-package.Rd:52: Escaped LaTeX specials: \~
Flavors: r-devel-linux-x86_64-debian-clang, r-devel-linux-x86_64-debian-gcc, r-devel-linux-x86_64-fedora-clang, r-devel-linux-x86_64-fedora-gcc, r-devel-windows-x86_64