Last updated on 2022-06-25 17:51:25 CEST.
Flavor | Version | Tinstall | Tcheck | Ttotal | Status | Flags |
---|---|---|---|---|---|---|
r-devel-linux-x86_64-debian-clang | 1.0.4 | 428.22 | 142.25 | 570.47 | NOTE | |
r-devel-linux-x86_64-debian-gcc | 1.0.4 | 399.85 | 120.69 | 520.54 | NOTE | |
r-devel-linux-x86_64-fedora-clang | 1.0.4 | 903.01 | WARN | |||
r-devel-linux-x86_64-fedora-gcc | 1.0.4 | 898.89 | WARN | |||
r-devel-windows-x86_64 | 1.0.4 | 318.00 | 224.00 | 542.00 | NOTE | |
r-patched-linux-x86_64 | 1.0.4 | 346.91 | 157.21 | 504.12 | NOTE | |
r-release-linux-x86_64 | 1.0.4 | 332.24 | 156.41 | 488.65 | NOTE | |
r-release-macos-arm64 | 1.0.4 | 223.00 | NOTE | |||
r-release-macos-x86_64 | 1.0.4 | 429.00 | NOTE | |||
r-release-windows-x86_64 | 1.0.4 | 325.00 | 223.00 | 548.00 | NOTE | |
r-oldrel-macos-arm64 | 1.0.4 | 239.00 | NOTE | |||
r-oldrel-macos-x86_64 | 1.0.4 | 424.00 | NOTE | |||
r-oldrel-windows-ix86+x86_64 | 1.0.4 | 1006.00 | 280.00 | 1286.00 | NOTE |
Version: 1.0.4
Check: for GNU extensions in Makefiles
Result: NOTE
GNU make is a SystemRequirements.
Flavors: r-devel-linux-x86_64-debian-clang, r-devel-linux-x86_64-debian-gcc, r-devel-linux-x86_64-fedora-clang, r-devel-linux-x86_64-fedora-gcc, r-devel-windows-x86_64, r-patched-linux-x86_64, r-release-linux-x86_64, r-release-macos-arm64, r-release-macos-x86_64, r-release-windows-x86_64, r-oldrel-macos-arm64, r-oldrel-macos-x86_64, r-oldrel-windows-ix86+x86_64
Version: 1.0.4
Check: package dependencies
Result: WARN
Requires orphaned package: ‘gtools’
Flavors: r-devel-linux-x86_64-fedora-clang, r-devel-linux-x86_64-fedora-gcc
Version: 1.0.4
Check: installed package size
Result: NOTE
installed size is 50.5Mb
sub-directories of 1Mb or more:
libs 49.2Mb
Flavors: r-devel-linux-x86_64-fedora-clang, r-devel-windows-x86_64, r-release-macos-arm64, r-release-macos-x86_64, r-release-windows-x86_64, r-oldrel-macos-arm64, r-oldrel-macos-x86_64, r-oldrel-windows-ix86+x86_64