CRAN Package Check Results for Package condTruncMVN

Last updated on 2022-01-25 19:50:27 CET.

Flavor Version Tinstall Tcheck Ttotal Status Flags
r-devel-linux-x86_64-debian-clang 0.0.2 6.50 81.59 88.09 NOTE
r-devel-linux-x86_64-debian-gcc 0.0.2 5.57 68.41 73.98 NOTE
r-devel-linux-x86_64-fedora-clang 0.0.2 106.26 NOTE
r-devel-linux-x86_64-fedora-gcc 0.0.2 97.37 NOTE
r-devel-windows-x86_64-new-UL 0.0.2 42.00 112.00 154.00 NOTE
r-devel-windows-x86_64-new-TK 0.0.2 NOTE
r-patched-linux-x86_64 0.0.2 7.99 76.46 84.45 NOTE
r-release-linux-x86_64 0.0.2 7.85 75.01 82.86 NOTE
r-release-macos-arm64 0.0.2 NOTE
r-release-macos-x86_64 0.0.2 NOTE
r-release-windows-ix86+x86_64 0.0.2 17.00 91.00 108.00 NOTE
r-oldrel-macos-x86_64 0.0.2 OK
r-oldrel-windows-ix86+x86_64 0.0.2 17.00 93.00 110.00 OK

Check Details

Version: 0.0.2
Check: LazyData
Result: NOTE
     'LazyData' is specified without a 'data' directory
Flavors: r-devel-linux-x86_64-debian-clang, r-devel-linux-x86_64-debian-gcc, r-devel-linux-x86_64-fedora-clang, r-devel-linux-x86_64-fedora-gcc, r-devel-windows-x86_64-new-UL, r-devel-windows-x86_64-new-TK, r-patched-linux-x86_64, r-release-linux-x86_64, r-release-macos-arm64, r-release-macos-x86_64, r-release-windows-ix86+x86_64

Version: 0.0.2
Check: Rd cross-references
Result: NOTE
    Undeclared package ‘mvtnorm’ in Rd xrefs
Flavor: r-devel-linux-x86_64-fedora-clang