CRAN Package Check Results for Package conflicted

Last updated on 2019-09-19 10:47:49 CEST.

Flavor Version Tinstall Tcheck Ttotal Status Flags
r-devel-linux-x86_64-debian-clang 1.0.4 2.44 77.49 79.93 OK
r-devel-linux-x86_64-debian-gcc 1.0.4 1.87 58.19 60.06 OK
r-devel-linux-x86_64-fedora-clang 1.0.4 108.38 NOTE
r-devel-linux-x86_64-fedora-gcc 1.0.4 93.75 NOTE
r-devel-windows-ix86+x86_64 1.0.4 9.00 54.00 63.00 OK
r-patched-linux-x86_64 1.0.4 1.94 77.08 79.02 OK
r-patched-solaris-x86 1.0.4 48.20 NOTE
r-release-linux-x86_64 1.0.4 1.67 77.47 79.14 OK
r-release-windows-ix86+x86_64 1.0.4 5.00 36.00 41.00 OK
r-release-osx-x86_64 1.0.4 NOTE
r-oldrel-windows-ix86+x86_64 1.0.4 3.00 39.00 42.00 OK
r-oldrel-osx-x86_64 1.0.4 NOTE

Check Details

Version: 1.0.4
Check: dependencies in R code
Result: NOTE
    Namespace in Imports field not imported from: ‘memoise’
     All declared Imports should be used.
Flavors: r-devel-linux-x86_64-fedora-clang, r-devel-linux-x86_64-fedora-gcc, r-patched-solaris-x86, r-release-osx-x86_64, r-oldrel-osx-x86_64