CRAN Package Check Results for Package conflicted

Last updated on 2020-02-27 20:48:22 CET.

Flavor Version Tinstall Tcheck Ttotal Status Flags
r-devel-linux-x86_64-debian-clang 1.0.4 2.63 104.29 106.92 OK
r-devel-linux-x86_64-debian-gcc 1.0.4 1.81 69.52 71.33 OK
r-devel-linux-x86_64-fedora-clang 1.0.4 121.48 NOTE
r-devel-linux-x86_64-fedora-gcc 1.0.4 125.84 NOTE
r-devel-windows-ix86+x86_64 1.0.4 6.00 39.00 45.00 OK
r-devel-windows-ix86+x86_64-gcc8 1.0.4 6.00 41.00 47.00 OK
r-patched-linux-x86_64 1.0.4 1.96 84.08 86.04 OK
r-patched-solaris-x86 1.0.4 47.90 NOTE
r-release-linux-x86_64 1.0.4 1.67 83.48 85.15 OK
r-release-windows-ix86+x86_64 1.0.4 4.00 37.00 41.00 OK
r-release-osx-x86_64 1.0.4 NOTE
r-oldrel-windows-ix86+x86_64 1.0.4 3.00 34.00 37.00 OK
r-oldrel-osx-x86_64 1.0.4 NOTE

Check Details

Version: 1.0.4
Check: dependencies in R code
Result: NOTE
    Namespace in Imports field not imported from: ‘memoise’
     All declared Imports should be used.
Flavors: r-devel-linux-x86_64-fedora-clang, r-devel-linux-x86_64-fedora-gcc, r-patched-solaris-x86, r-release-osx-x86_64, r-oldrel-osx-x86_64