CRAN Package Check Results for Package conquestr

Last updated on 2020-02-21 00:49:37 CET.

Flavor Version Tinstall Tcheck Ttotal Status Flags
r-devel-linux-x86_64-debian-clang 0.5.1 21.86 36.64 58.50 OK
r-devel-linux-x86_64-debian-gcc 0.5.1 12.47 27.77 40.24 OK
r-devel-linux-x86_64-fedora-clang 0.5.1 71.93 NOTE
r-devel-linux-x86_64-fedora-gcc 0.5.1 71.10 NOTE
r-devel-windows-ix86+x86_64 0.5.1 39.00 67.00 106.00 OK
r-devel-windows-ix86+x86_64-gcc8 0.5.1 61.00 94.00 155.00 OK
r-patched-linux-x86_64 0.5.1 14.99 31.93 46.92 OK
r-patched-solaris-x86 0.5.1 77.40 NOTE
r-release-linux-x86_64 0.5.1 15.34 32.19 47.53 OK
r-release-windows-ix86+x86_64 0.5.1 39.00 67.00 106.00 OK
r-release-osx-x86_64 0.5.1 NOTE
r-oldrel-windows-ix86+x86_64 0.5.1 32.00 62.00 94.00 OK
r-oldrel-osx-x86_64 0.5.1 NOTE

Check Details

Version: 0.5.1
Check: dependencies in R code
Result: NOTE
    Namespace in Imports field not imported from: ‘reshape’
     All declared Imports should be used.
Flavors: r-devel-linux-x86_64-fedora-clang, r-devel-linux-x86_64-fedora-gcc, r-patched-solaris-x86, r-release-osx-x86_64, r-oldrel-osx-x86_64