CRAN Package Check Results for Package consort

Last updated on 2022-01-28 07:51:17 CET.

Flavor Version Tinstall Tcheck Ttotal Status Flags
r-devel-linux-x86_64-debian-clang 1.0.1 2.15 85.95 88.10 OK
r-devel-linux-x86_64-debian-gcc 1.0.1 2.24 437.79 440.03 OK
r-devel-linux-x86_64-fedora-clang 1.0.1 105.49 OK
r-devel-linux-x86_64-fedora-gcc 1.0.1 96.46 OK
r-devel-windows-x86_64-new-UL 1.0.1 40.00 73.00 113.00 OK
r-devel-windows-x86_64-new-TK 1.0.1 OK
r-patched-linux-x86_64 1.0.1 3.05 82.07 85.12 OK
r-release-linux-x86_64 1.0.1 2.40 82.84 85.24 OK
r-release-macos-arm64 1.0.1 OK
r-release-macos-x86_64 1.0.1 OK
r-release-windows-ix86+x86_64 1.0.1 7.00 57.00 64.00 OK
r-oldrel-macos-x86_64 1.0.1 WARN
r-oldrel-windows-ix86+x86_64 1.0.1 7.00 56.00 63.00 WARN

Check Details

Version: 1.0.1
Check: for unstated dependencies in vignettes
Result: NOTE
    Warning: parse error in file '/Volumes/Builds/packages/high-sierra-x86_64/results/4.0/consort.Rcheck/consort/doc/consrot_diagram.R':
    139:27: unexpected '>'
    138: # supports pipeline operator
    139: g <- add_box(txt = txt1) |>
     ^
Flavor: r-oldrel-macos-x86_64

Version: 1.0.1
Check: re-building of vignette outputs
Result: WARN
    Error(s) in re-building vignettes:
     ...
    --- re-building ‘consrot_diagram.Rmd’ using rmarkdown
    Quitting from lines 216-235 (consrot_diagram.Rmd)
    Error: processing vignette 'consrot_diagram.Rmd' failed with diagnostics:
    <text>:9:27: unexpected '>'
    8: # supports pipeline operator
    9: g <- add_box(txt = txt1) |>
     ^
    --- failed re-building ‘consrot_diagram.Rmd’
    
    SUMMARY: processing the following file failed:
     ‘consrot_diagram.Rmd’
    
    Error: Vignette re-building failed.
    Execution halted
Flavor: r-oldrel-macos-x86_64

Version: 1.0.1
Check: for unstated dependencies in vignettes
Result: NOTE
    Warning: parse error in file 'd:/RCompile/CRANpkg/lib/4.0/consort/doc/consrot_diagram.R':
    /RCompile/CRANpkg/lib/4.0/consort/doc/consrot_diagram.R:139:27: unexpected '>'
    138: # supports pipeline operator
    139: g <- add_box(txt = txt1) |>
     ^
Flavor: r-oldrel-windows-ix86+x86_64

Version: 1.0.1
Check: re-building of vignette outputs
Result: WARN
    Error(s) in re-building vignettes:
    --- re-building 'consrot_diagram.Rmd' using rmarkdown
    Quitting from lines 216-235 (consrot_diagram.Rmd)
    Error: processing vignette 'consrot_diagram.Rmd' failed with diagnostics:
    <text>:9:27: unexpected '>'
    8: # supports pipeline operator
    9: g <- add_box(txt = txt1) |>
     ^
    --- failed re-building 'consrot_diagram.Rmd'
    
    SUMMARY: processing the following file failed:
     'consrot_diagram.Rmd'
    
    Error: Vignette re-building failed.
    Execution halted
Flavor: r-oldrel-windows-ix86+x86_64