Last updated on 2023-03-23 02:49:39 CET.
Flavor | Version | Tinstall | Tcheck | Ttotal | Status | Flags |
---|---|---|---|---|---|---|
r-devel-linux-x86_64-debian-clang | 0.2.5 | 6.69 | 54.50 | 61.19 | NOTE | |
r-devel-linux-x86_64-debian-gcc | 0.2.5 | 4.48 | 41.41 | 45.89 | NOTE | |
r-devel-linux-x86_64-fedora-clang | 0.2.5 | 75.78 | NOTE | |||
r-devel-linux-x86_64-fedora-gcc | 0.2.5 | 71.98 | NOTE | |||
r-devel-windows-x86_64 | 0.2.5 | 39.00 | 102.00 | 141.00 | NOTE | |
r-patched-linux-x86_64 | 0.2.5 | 6.26 | 50.86 | 57.12 | NOTE | |
r-release-linux-x86_64 | 0.2.5 | 6.07 | 51.62 | 57.69 | NOTE | |
r-release-macos-arm64 | 0.2.5 | 23.00 | NOTE | |||
r-release-macos-x86_64 | 0.2.5 | 35.00 | NOTE | |||
r-release-windows-x86_64 | 0.2.5 | 28.00 | 88.00 | 116.00 | NOTE | |
r-oldrel-macos-arm64 | 0.2.5 | 26.00 | NOTE | |||
r-oldrel-macos-x86_64 | 0.2.5 | 50.00 | NOTE | |||
r-oldrel-windows-ix86+x86_64 | 0.2.5 | 10.00 | 84.00 | 94.00 | NOTE |
Version: 0.2.5
Check: LazyData
Result: NOTE
'LazyData' is specified without a 'data' directory
Flavors: r-devel-linux-x86_64-debian-clang, r-devel-linux-x86_64-debian-gcc, r-devel-linux-x86_64-fedora-clang, r-devel-linux-x86_64-fedora-gcc, r-devel-windows-x86_64, r-patched-linux-x86_64, r-release-linux-x86_64, r-release-macos-arm64, r-release-macos-x86_64, r-release-windows-x86_64, r-oldrel-macos-arm64, r-oldrel-macos-x86_64, r-oldrel-windows-ix86+x86_64