CRAN Package Check Results for Package convoSPAT

Last updated on 2019-09-19 10:47:49 CEST.

Flavor Version Tinstall Tcheck Ttotal Status Flags
r-devel-linux-x86_64-debian-clang 1.2.4 13.69 110.84 124.53 OK
r-devel-linux-x86_64-debian-gcc 1.2.4 13.30 87.70 101.00 OK
r-devel-linux-x86_64-fedora-clang 1.2.4 153.99 OK
r-devel-linux-x86_64-fedora-gcc 1.2.4 152.43 OK
r-devel-windows-ix86+x86_64 1.2.4 35.00 117.00 152.00 OK
r-patched-linux-x86_64 1.2.4 15.82 110.07 125.89 OK
r-patched-solaris-x86 1.2.4 226.50 OK
r-release-linux-x86_64 1.2.4 13.66 111.05 124.71 OK
r-release-windows-ix86+x86_64 1.2.4 26.00 163.00 189.00 OK
r-release-osx-x86_64 1.2.4 FAIL
r-oldrel-windows-ix86+x86_64 1.2.4 16.00 119.00 135.00 OK
r-oldrel-osx-x86_64 1.2.4 OK

Check Details

Version: 1.2.4
Check: whether package can be installed
Result: FAIL
    
Flavor: r-release-osx-x86_64