CRAN Package Check Results for Package cooltools

Last updated on 2022-08-10 07:51:38 CEST.

Flavor Version Tinstall Tcheck Ttotal Status Flags
r-devel-linux-x86_64-debian-clang 1.7 66.30 308.01 374.31 OK
r-devel-linux-x86_64-debian-gcc 1.7 49.46 224.01 273.47 OK
r-devel-linux-x86_64-fedora-clang 1.7 433.31 NOTE
r-devel-linux-x86_64-fedora-gcc 1.7 437.22 NOTE
r-devel-windows-x86_64 1.7 87.00 314.00 401.00 OK
r-patched-linux-x86_64 1.7 50.96 292.16 343.12 OK
r-release-linux-x86_64 1.7 OK
r-release-macos-arm64 1.7 91.00 NOTE
r-release-macos-x86_64 1.7 129.00 NOTE
r-release-windows-x86_64 1.7 87.00 315.00 402.00 OK
r-oldrel-macos-arm64 1.7 88.00 NOTE
r-oldrel-macos-x86_64 1.7 122.00 NOTE
r-oldrel-windows-ix86+x86_64 1.7 129.00 436.00 565.00 OK

Check Details

Version: 1.7
Check: dependencies in R code
Result: NOTE
    Namespace in Imports field not imported from: ‘magicaxis’
     All declared Imports should be used.
Flavors: r-devel-linux-x86_64-fedora-clang, r-devel-linux-x86_64-fedora-gcc, r-release-macos-arm64, r-release-macos-x86_64, r-oldrel-macos-arm64, r-oldrel-macos-x86_64