Last updated on 2023-03-30 08:53:33 CEST.
Flavor | Version | Tinstall | Tcheck | Ttotal | Status | Flags |
---|---|---|---|---|---|---|
r-devel-linux-x86_64-debian-clang | 0.2.0 | 96.94 | 44.56 | 141.50 | OK | |
r-devel-linux-x86_64-debian-gcc | 0.2.0 | 73.61 | 34.34 | 107.95 | OK | |
r-devel-linux-x86_64-fedora-clang | 0.2.0 | 219.26 | OK | |||
r-devel-linux-x86_64-fedora-gcc | 0.2.0 | 183.71 | OK | |||
r-devel-windows-x86_64 | 0.2.0 | 78.00 | 0.00 | 78.00 | OK | |
r-patched-linux-x86_64 | 0.2.0 | 76.43 | 42.80 | 119.23 | OK | |
r-release-linux-x86_64 | 0.2.0 | 78.50 | 48.92 | 127.42 | OK | |
r-release-macos-arm64 | 0.2.0 | 42.00 | NOTE | |||
r-release-macos-x86_64 | 0.2.0 | 64.00 | NOTE | |||
r-release-windows-x86_64 | 0.2.0 | 124.00 | 107.00 | 231.00 | OK | |
r-oldrel-macos-arm64 | 0.2.0 | 46.00 | NOTE | |||
r-oldrel-macos-x86_64 | 0.2.0 | 66.00 | NOTE | |||
r-oldrel-windows-ix86+x86_64 | 0.2.0 | 240.00 | 103.00 | 343.00 | NOTE |
Version: 0.2.0
Check: installed package size
Result: NOTE
installed size is 5.9Mb
sub-directories of 1Mb or more:
help 2.6Mb
libs 3.3Mb
Flavors: r-release-macos-arm64, r-release-macos-x86_64, r-oldrel-macos-arm64, r-oldrel-macos-x86_64, r-oldrel-windows-ix86+x86_64