CRAN Package Check Results for Package cord

Last updated on 2022-01-21 13:51:42 CET.

Flavor Version Tinstall Tcheck Ttotal Status Flags
r-devel-linux-x86_64-debian-clang 0.1.1 33.78 33.52 67.30 OK
r-devel-linux-x86_64-debian-gcc 0.1.1 28.13 26.43 54.56 OK
r-devel-linux-x86_64-fedora-clang 0.1.1 105.03 NOTE
r-devel-linux-x86_64-fedora-gcc 0.1.1 86.62 NOTE
r-devel-windows-x86_64-new-UL 0.1.1 43.00 72.00 115.00 OK
r-devel-windows-x86_64-new-TK 0.1.1 OK
r-patched-linux-x86_64 0.1.1 36.23 32.32 68.55 OK
r-release-linux-x86_64 0.1.1 35.36 32.39 67.75 OK
r-release-macos-arm64 0.1.1 OK
r-release-macos-x86_64 0.1.1 OK
r-release-windows-ix86+x86_64 0.1.1 102.00 66.00 168.00 OK
r-oldrel-macos-x86_64 0.1.1 OK
r-oldrel-windows-ix86+x86_64 0.1.1 101.00 64.00 165.00 OK

Check Details

Version: 0.1.1
Check: compiled code
Result: NOTE
    File ‘cord/libs/cord.so’:
     Found no calls to: ‘R_registerRoutines’, ‘R_useDynamicSymbols’
    
    It is good practice to register native routines and to disable symbol
    search.
    
    See ‘Writing portable packages’ in the ‘Writing R Extensions’ manual.
Flavors: r-devel-linux-x86_64-fedora-clang, r-devel-linux-x86_64-fedora-gcc