CRAN Package Check Results for Package corels

Last updated on 2020-11-29 17:46:33 CET.

Flavor Version Tinstall Tcheck Ttotal Status Flags
r-devel-linux-x86_64-debian-clang 0.0.2 49.75 27.65 77.40 OK
r-devel-linux-x86_64-debian-gcc 0.0.2 47.90 24.16 72.06 OK
r-devel-linux-x86_64-fedora-clang 0.0.2 109.10 NOTE
r-devel-linux-x86_64-fedora-gcc 0.0.2 81.28 OK
r-devel-windows-ix86+x86_64 0.0.2 116.00 72.00 188.00 OK
r-patched-linux-x86_64 0.0.2 73.78 28.25 102.03 OK
r-patched-solaris-x86 0.0.2 90.20 NOTE
r-release-linux-x86_64 0.0.2 73.90 28.28 102.18 OK
r-release-macos-x86_64 0.0.2 NOTE
r-release-windows-ix86+x86_64 0.0.2 117.00 59.00 176.00 OK
r-oldrel-macos-x86_64 0.0.2 NOTE
r-oldrel-windows-ix86+x86_64 0.0.2 95.00 66.00 161.00 OK

Check Details

Version: 0.0.2
Check: installed package size
Result: NOTE
     installed size is 5.4Mb
     sub-directories of 1Mb or more:
     libs 2.7Mb
     sample_data 2.6Mb
Flavors: r-devel-linux-x86_64-fedora-clang, r-patched-solaris-x86, r-release-macos-x86_64, r-oldrel-macos-x86_64