CRAN Package Check Results for Package corporaexplorer

Last updated on 2020-08-05 23:50:39 CEST.

Flavor Version Tinstall Tcheck Ttotal Status Flags
r-devel-linux-x86_64-debian-clang 0.8.2 3.85 41.09 44.94 OK
r-devel-linux-x86_64-debian-gcc 0.8.2 2.94 29.90 32.84 OK
r-devel-linux-x86_64-fedora-clang 0.8.2 59.37 NOTE
r-devel-linux-x86_64-fedora-gcc 0.8.2 49.64 NOTE
r-devel-windows-ix86+x86_64 0.8.2 21.00 72.00 93.00 OK
r-patched-linux-x86_64 0.8.2 3.65 38.06 41.71 OK
r-patched-solaris-x86 0.8.2 73.30 NOTE
r-release-linux-x86_64 0.8.2 3.57 38.21 41.78 OK
r-release-macos-x86_64 0.8.2 NOTE
r-release-windows-ix86+x86_64 0.8.2 18.00 50.00 68.00 OK
r-oldrel-macos-x86_64 0.8.2 NOTE
r-oldrel-windows-ix86+x86_64 0.8.2 8.00 43.00 51.00 OK

Check Details

Version: 0.8.2
Check: dependencies in R code
Result: NOTE
    Namespaces in Imports field not imported from:
     ‘RColorBrewer’ ‘ggplot2’ ‘rmarkdown’ ‘shinyWidgets’ ‘shinydashboard’
     ‘shinyjs’
     All declared Imports should be used.
Flavors: r-devel-linux-x86_64-fedora-clang, r-devel-linux-x86_64-fedora-gcc, r-patched-solaris-x86, r-release-macos-x86_64, r-oldrel-macos-x86_64