CRAN Package Check Results for Package corpus

Last updated on 2022-01-22 08:49:07 CET.

Flavor Version Tinstall Tcheck Ttotal Status Flags
r-devel-linux-x86_64-debian-clang 0.10.2 26.10 64.75 90.85 OK
r-devel-linux-x86_64-debian-gcc 0.10.2 20.11 50.33 70.44 OK
r-devel-linux-x86_64-fedora-clang 0.10.2 111.68 NOTE
r-devel-linux-x86_64-fedora-gcc 0.10.2 105.33 NOTE
r-devel-windows-x86_64-new-UL 0.10.2 470.00 111.00 581.00 WARN
r-devel-windows-x86_64-new-TK 0.10.2 WARN
r-patched-linux-x86_64 0.10.2 23.77 63.55 87.32 OK
r-release-linux-x86_64 0.10.2 23.70 62.90 86.60 OK
r-release-macos-arm64 0.10.2 NOTE
r-release-macos-x86_64 0.10.2 NOTE
r-release-windows-ix86+x86_64 0.10.2 87.00 113.00 200.00 OK
r-oldrel-macos-x86_64 0.10.2 NOTE
r-oldrel-windows-ix86+x86_64 0.10.2 89.00 105.00 194.00 OK

Check Details

Version: 0.10.2
Check: data for non-ASCII characters
Result: NOTE
     Note: found 578 marked UTF-8 strings
Flavors: r-devel-linux-x86_64-fedora-clang, r-devel-linux-x86_64-fedora-gcc, r-devel-windows-x86_64-new-TK, r-release-macos-arm64, r-release-macos-x86_64, r-oldrel-macos-x86_64

Version: 0.10.2
Check: whether package can be installed
Result: WARN
    Found the following significant warnings:
     stemmer.c:171:26: warning: pointer targets in passing argument 1 of 'strlen' differ in signedness [-Wpointer-sign]
Flavors: r-devel-windows-x86_64-new-UL, r-devel-windows-x86_64-new-TK