Last updated on 2021-03-01 18:50:21 CET.
Flavor | Version | Tinstall | Tcheck | Ttotal | Status | Flags |
---|---|---|---|---|---|---|
r-devel-linux-x86_64-debian-clang | 0.6.0 | OK | ||||
r-devel-linux-x86_64-debian-gcc | 0.6.0 | 4.08 | 155.52 | 159.60 | OK | |
r-devel-linux-x86_64-fedora-clang | 0.6.0 | 254.74 | OK | |||
r-devel-linux-x86_64-fedora-gcc | 0.6.0 | 258.47 | OK | |||
r-devel-windows-ix86+x86_64 | 0.6.0 | 8.00 | 155.00 | 163.00 | OK | |
r-patched-linux-x86_64 | 0.6.0 | 5.23 | 202.31 | 207.54 | OK | |
r-patched-solaris-x86 | 0.6.0 | 359.70 | OK | |||
r-release-linux-x86_64 | 0.6.0 | 6.05 | 203.40 | 209.45 | OK | |
r-release-macos-x86_64 | 0.6.0 | ERROR | ||||
r-release-windows-ix86+x86_64 | 0.6.0 | 11.00 | 227.00 | 238.00 | OK | |
r-oldrel-macos-x86_64 | 0.6.0 | OK | ||||
r-oldrel-windows-ix86+x86_64 | 0.6.0 | 8.00 | 151.00 | 159.00 | OK |
Version: 0.6.0
Check: package dependencies
Result: ERROR
Packages required and available but unsuitable versions:
'effectsize', 'parameters'
See section ‘The DESCRIPTION file’ in the ‘Writing R Extensions’
manual.
Flavor: r-release-macos-x86_64