CRAN Package Check Results for Package correlation

Last updated on 2022-06-26 09:53:46 CEST.

Flavor Version Tinstall Tcheck Ttotal Status Flags
r-devel-linux-x86_64-debian-clang 0.8.1 5.79 178.55 184.34 OK
r-devel-linux-x86_64-debian-gcc 0.8.1 5.11 128.83 133.94 OK
r-devel-linux-x86_64-fedora-clang 0.8.1 222.47 OK
r-devel-linux-x86_64-fedora-gcc 0.8.1 222.96 OK
r-devel-windows-x86_64 0.8.1 60.00 212.00 272.00 OK
r-patched-linux-x86_64 0.8.1 10.24 166.77 177.01 OK
r-release-linux-x86_64 0.8.1 6.43 169.41 175.84 OK
r-release-macos-arm64 0.8.1 6.00 ERROR
r-release-macos-x86_64 0.8.1 87.00 OK
r-release-windows-x86_64 0.8.1 54.00 208.00 262.00 OK
r-oldrel-macos-arm64 0.8.1 77.00 OK
r-oldrel-macos-x86_64 0.8.1 83.00 OK
r-oldrel-windows-ix86+x86_64 0.8.1 11.00 207.00 218.00 OK

Check Details

Version: 0.8.1
Check: package dependencies
Result: ERROR
    Packages required and available but unsuitable versions:
     'datawizard', 'insight'
    
    See section ‘The DESCRIPTION file’ in the ‘Writing R Extensions’
    manual.
Flavor: r-release-macos-arm64